CRAN Package Check Results for Package DBModelSelect

Last updated on 2025-10-30 08:51:13 CET.

Flavor Version Tinstall Tcheck Ttotal Status Flags
r-devel-linux-x86_64-debian-clang 0.2.0 1.76 32.59 34.35 NOTE
r-devel-linux-x86_64-debian-gcc 0.2.0 1.55 25.17 26.72 NOTE
r-devel-linux-x86_64-fedora-clang 0.2.0 15.00 39.72 54.72 OK
r-devel-linux-x86_64-fedora-gcc 0.2.0 50.11 OK
r-devel-windows-x86_64 0.2.0 4.00 44.00 48.00 OK
r-patched-linux-x86_64 0.2.0 1.91 29.59 31.50 OK
r-release-linux-x86_64 0.2.0 1.62 30.72 32.34 OK
r-release-macos-arm64 0.2.0 1.00 16.00 17.00 OK
r-release-macos-x86_64 0.2.0 3.00 43.00 46.00 OK
r-release-windows-x86_64 0.2.0 3.00 46.00 49.00 OK
r-oldrel-macos-arm64 0.2.0 1.00 15.00 16.00 OK
r-oldrel-macos-x86_64 0.2.0 1.00 28.00 29.00 OK
r-oldrel-windows-x86_64 0.2.0 2.00 45.00 47.00 OK

Check Details

Version: 0.2.0
Check: CRAN incoming feasibility
Result: NOTE Maintainer: ‘Scott H. Koeneman <Scott.Koeneman@jefferson.edu>’ The Description field contains more information, see Koeneman and Cavanaugh (2023) <arXiv:2309.10614>. Please refer to arXiv e-prints via their arXiv DOI <doi:10.48550/arXiv.YYMM.NNNNN>. Flavors: r-devel-linux-x86_64-debian-clang, r-devel-linux-x86_64-debian-gcc