CRAN Package Check Results for Package Convolutioner

Last updated on 2025-10-30 08:51:12 CET.

Flavor Version Tinstall Tcheck Ttotal Status Flags
r-devel-linux-x86_64-debian-clang 0.1.0 1.82 20.51 22.33 OK
r-devel-linux-x86_64-debian-gcc 0.1.0 1.52 16.48 18.00 OK
r-devel-linux-x86_64-fedora-clang 0.1.0 13.00 22.34 35.34 OK
r-devel-linux-x86_64-fedora-gcc 0.1.0 30.42 OK
r-devel-windows-x86_64 0.1.0 4.00 41.00 45.00 OK
r-patched-linux-x86_64 0.1.0 2.04 19.43 21.47 OK
r-release-linux-x86_64 0.1.0 1.94 19.58 21.52 OK
r-release-macos-arm64 0.1.0 1.00 14.00 15.00 OK
r-release-macos-x86_64 0.1.0 2.00 25.00 27.00 OK
r-release-windows-x86_64 0.1.0 2.00 42.00 44.00 OK
r-oldrel-macos-arm64 0.1.0 1.00 19.00 20.00 NOTE
r-oldrel-macos-x86_64 0.1.0 1.00 21.00 22.00 NOTE
r-oldrel-windows-x86_64 0.1.0 4.00 43.00 47.00 NOTE

Check Details

Version: 0.1.0
Check: LazyData
Result: NOTE 'LazyData' is specified without a 'data' directory Flavors: r-oldrel-macos-arm64, r-oldrel-macos-x86_64, r-oldrel-windows-x86_64