Last updated on 2025-02-21 09:50:40 CET.
Flavor | Version | Tinstall | Tcheck | Ttotal | Status | Flags |
---|---|---|---|---|---|---|
r-devel-linux-x86_64-debian-clang | 0.2.1 | 121.35 | 149.11 | 270.46 | NOTE | |
r-devel-linux-x86_64-debian-gcc | 0.2.1 | 75.54 | 93.78 | 169.32 | NOTE | |
r-devel-linux-x86_64-fedora-clang | 0.2.1 | 458.30 | NOTE | |||
r-devel-linux-x86_64-fedora-gcc | 0.2.1 | 446.12 | NOTE | |||
r-devel-macos-arm64 | 0.2.1 | 156.00 | OK | |||
r-devel-macos-x86_64 | 0.2.1 | 360.00 | NOTE | |||
r-devel-windows-x86_64 | 0.2.1 | 114.00 | 158.00 | 272.00 | NOTE | |
r-patched-linux-x86_64 | 0.2.1 | 111.29 | 142.49 | 253.78 | OK | |
r-release-linux-x86_64 | 0.2.1 | 113.59 | 147.20 | 260.79 | OK | |
r-release-macos-arm64 | 0.2.1 | 132.00 | OK | |||
r-release-macos-x86_64 | 0.2.1 | 198.00 | OK | |||
r-release-windows-x86_64 | 0.2.1 | 130.00 | 158.00 | 288.00 | OK | |
r-oldrel-macos-arm64 | 0.2.1 | 157.00 | OK | |||
r-oldrel-macos-x86_64 | 0.2.1 | 249.00 | OK | |||
r-oldrel-windows-x86_64 | 0.2.1 | 154.00 | 165.00 | 319.00 | OK |
Version: 0.2.1
Check: DESCRIPTION meta-information
Result: NOTE
Missing dependency on R >= 4.1.0 because package code uses the pipe
|> or function shorthand \(...) syntax added in R 4.1.0.
File(s) using such syntax:
‘get_sinesp_data.R’ ‘get_sinesp_vde_data.R’
Flavors: r-devel-linux-x86_64-debian-clang, r-devel-linux-x86_64-debian-gcc, r-devel-linux-x86_64-fedora-clang, r-devel-linux-x86_64-fedora-gcc, r-devel-macos-x86_64, r-devel-windows-x86_64