Last updated on 2025-02-21 09:50:40 CET.
Flavor | Version | Tinstall | Tcheck | Ttotal | Status | Flags |
---|---|---|---|---|---|---|
r-devel-linux-x86_64-debian-clang | 0.2.2 | 1.77 | 20.78 | 22.55 | OK | |
r-devel-linux-x86_64-debian-gcc | 0.2.2 | 1.45 | 15.97 | 17.42 | OK | |
r-devel-linux-x86_64-fedora-clang | 0.2.2 | 36.67 | OK | |||
r-devel-linux-x86_64-fedora-gcc | 0.2.2 | 34.13 | OK | |||
r-devel-macos-arm64 | 0.2.2 | 16.00 | OK | |||
r-devel-macos-x86_64 | 0.2.2 | 26.00 | OK | |||
r-devel-windows-x86_64 | 0.2.2 | 4.00 | 44.00 | 48.00 | OK | |
r-patched-linux-x86_64 | 0.2.2 | 1.66 | 19.95 | 21.61 | OK | |
r-release-linux-x86_64 | 0.2.2 | 1.75 | 19.63 | 21.38 | OK | |
r-release-macos-arm64 | 0.2.2 | 19.00 | OK | |||
r-release-macos-x86_64 | 0.2.2 | 22.00 | OK | |||
r-release-windows-x86_64 | 0.2.2 | 2.00 | 43.00 | 45.00 | OK | |
r-oldrel-macos-arm64 | 0.2.2 | 18.00 | NOTE | |||
r-oldrel-macos-x86_64 | 0.2.2 | 22.00 | NOTE | |||
r-oldrel-windows-x86_64 | 0.2.2 | 4.00 | 78.00 | 82.00 | OK |
Version: 0.2.2
Check: package dependencies
Result: NOTE
Package suggested but not available for checking: ‘IHW’
Flavors: r-oldrel-macos-arm64, r-oldrel-macos-x86_64