Last updated on 2025-02-21 09:50:39 CET.
Flavor | Version | Tinstall | Tcheck | Ttotal | Status | Flags |
---|---|---|---|---|---|---|
r-devel-linux-x86_64-debian-clang | 0.1.1 | 6.04 | 52.08 | 58.12 | OK | |
r-devel-linux-x86_64-debian-gcc | 0.1.1 | 4.41 | 38.75 | 43.16 | OK | |
r-devel-linux-x86_64-fedora-clang | 0.1.1 | 91.76 | OK | |||
r-devel-linux-x86_64-fedora-gcc | 0.1.1 | 84.60 | OK | |||
r-devel-macos-arm64 | 0.1.1 | 31.00 | OK | |||
r-devel-macos-x86_64 | 0.1.1 | 77.00 | OK | |||
r-devel-windows-x86_64 | 0.1.1 | 7.00 | 63.00 | 70.00 | OK | |
r-patched-linux-x86_64 | 0.1.1 | 5.79 | 46.68 | 52.47 | NOTE | |
r-release-linux-x86_64 | 0.1.1 | 5.98 | 47.14 | 53.12 | NOTE | |
r-release-macos-arm64 | 0.1.1 | 29.00 | NOTE | |||
r-release-macos-x86_64 | 0.1.1 | 43.00 | NOTE | |||
r-release-windows-x86_64 | 0.1.1 | 9.00 | 64.00 | 73.00 | NOTE | |
r-oldrel-macos-arm64 | 0.1.1 | 31.00 | NOTE | |||
r-oldrel-macos-x86_64 | 0.1.1 | 44.00 | NOTE | |||
r-oldrel-windows-x86_64 | 0.1.1 | 10.00 | 72.00 | 82.00 | NOTE |
Version: 0.1.1
Check: LazyData
Result: NOTE
'LazyData' is specified without a 'data' directory
Flavors: r-patched-linux-x86_64, r-release-linux-x86_64, r-release-macos-arm64, r-release-macos-x86_64, r-release-windows-x86_64, r-oldrel-macos-arm64, r-oldrel-macos-x86_64, r-oldrel-windows-x86_64