Last updated on 2025-02-21 09:51:05 CET.
Flavor | Version | Tinstall | Tcheck | Ttotal | Status | Flags |
---|---|---|---|---|---|---|
r-devel-linux-x86_64-debian-clang | 1.0.4 | 15.99 | 106.76 | 122.75 | NOTE | |
r-devel-linux-x86_64-debian-gcc | 1.0.4 | 11.10 | 77.33 | 88.43 | NOTE | |
r-devel-linux-x86_64-fedora-clang | 1.0.4 | 190.67 | OK | |||
r-devel-linux-x86_64-fedora-gcc | 1.0.4 | 176.67 | OK | |||
r-devel-macos-arm64 | 1.0.4 | 51.00 | OK | |||
r-devel-macos-x86_64 | 1.0.4 | 101.00 | OK | |||
r-devel-windows-x86_64 | 1.0.4 | 18.00 | 117.00 | 135.00 | NOTE | |
r-patched-linux-x86_64 | 1.0.4 | 22.20 | 97.10 | 119.30 | OK | |
r-release-linux-x86_64 | 1.0.4 | 16.00 | 96.37 | 112.37 | OK | |
r-release-macos-arm64 | 1.0.4 | 49.00 | OK | |||
r-release-macos-x86_64 | 1.0.4 | 75.00 | OK | |||
r-release-windows-x86_64 | 1.0.4 | 19.00 | 106.00 | 125.00 | OK | |
r-oldrel-macos-arm64 | 1.0.4 | 60.00 | OK | |||
r-oldrel-macos-x86_64 | 1.0.4 | 91.00 | OK | |||
r-oldrel-windows-x86_64 | 1.0.4 | 24.00 | 126.00 | 150.00 | OK |
Version: 1.0.4
Check: Rd cross-references
Result: NOTE
Found the following Rd file(s) with Rd \link{} targets missing package
anchors:
plotwtdinteraction.Rd: mice, gam, bam
wpct.Rd: wtd.table
Please provide package anchors for all Rd \link{} targets not in the
package itself and the base packages.
Flavors: r-devel-linux-x86_64-debian-clang, r-devel-linux-x86_64-debian-gcc, r-devel-windows-x86_64