CRAN Package Check Results for Package vectorwavelet

Last updated on 2025-02-20 09:51:07 CET.

Flavor Version Tinstall Tcheck Ttotal Status Flags
r-devel-linux-x86_64-debian-clang 0.1.0 5.66 44.34 50.00 OK
r-devel-linux-x86_64-debian-gcc 0.1.0 3.98 31.50 35.48 OK
r-devel-linux-x86_64-fedora-clang 0.1.0 85.63 NOTE
r-devel-linux-x86_64-fedora-gcc 0.1.0 73.41 NOTE
r-devel-macos-arm64 0.1.0 25.00 OK
r-devel-macos-x86_64 0.1.0 44.00 OK
r-devel-windows-x86_64 0.1.0 6.00 62.00 68.00 OK
r-patched-linux-x86_64 0.1.0 4.97 41.40 46.37 NOTE
r-release-linux-x86_64 0.1.0 4.20 41.49 45.69 NOTE
r-release-macos-arm64 0.1.0 24.00 NOTE
r-release-macos-x86_64 0.1.0 37.00 NOTE
r-release-windows-x86_64 0.1.0 6.00 60.00 66.00 NOTE
r-oldrel-macos-arm64 0.1.0 31.00 NOTE
r-oldrel-macos-x86_64 0.1.0 52.00 NOTE
r-oldrel-windows-x86_64 0.1.0 7.00 67.00 74.00 NOTE

Check Details

Version: 0.1.0
Check: dependencies in R code
Result: NOTE Namespaces in Imports field not imported from: ‘Rcpp’ ‘foreach’ ‘iterators’ ‘maps’ ‘spam’ All declared Imports should be used. Flavors: r-devel-linux-x86_64-fedora-clang, r-devel-linux-x86_64-fedora-gcc

Version: 0.1.0
Check: LazyData
Result: NOTE 'LazyData' is specified without a 'data' directory Flavors: r-patched-linux-x86_64, r-release-linux-x86_64, r-release-macos-arm64, r-release-macos-x86_64, r-release-windows-x86_64, r-oldrel-macos-arm64, r-oldrel-macos-x86_64, r-oldrel-windows-x86_64