Last updated on 2025-02-21 09:51:04 CET.
Flavor | Version | Tinstall | Tcheck | Ttotal | Status | Flags |
---|---|---|---|---|---|---|
r-devel-linux-x86_64-debian-clang | 1.0.0 | 5.94 | 52.33 | 58.27 | OK | |
r-devel-linux-x86_64-debian-gcc | 1.0.0 | 4.28 | 39.77 | 44.05 | OK | |
r-devel-linux-x86_64-fedora-clang | 1.0.0 | 102.90 | OK | |||
r-devel-linux-x86_64-fedora-gcc | 1.0.0 | 88.45 | OK | |||
r-devel-macos-arm64 | 1.0.0 | 34.00 | OK | |||
r-devel-macos-x86_64 | 1.0.0 | 65.00 | OK | |||
r-devel-windows-x86_64 | 1.0.0 | 8.00 | 70.00 | 78.00 | OK | |
r-patched-linux-x86_64 | 1.0.0 | 6.04 | 50.10 | 56.14 | NOTE | |
r-release-linux-x86_64 | 1.0.0 | 6.18 | 49.26 | 55.44 | NOTE | |
r-release-macos-arm64 | 1.0.0 | 33.00 | NOTE | |||
r-release-macos-x86_64 | 1.0.0 | 48.00 | NOTE | |||
r-release-windows-x86_64 | 1.0.0 | 8.00 | 70.00 | 78.00 | NOTE | |
r-oldrel-macos-arm64 | 1.0.0 | 36.00 | NOTE | |||
r-oldrel-macos-x86_64 | 1.0.0 | 48.00 | NOTE | |||
r-oldrel-windows-x86_64 | 1.0.0 | 7.00 | 105.00 | 112.00 | NOTE |
Version: 1.0.0
Check: LazyData
Result: NOTE
'LazyData' is specified without a 'data' directory
Flavors: r-patched-linux-x86_64, r-release-linux-x86_64, r-release-macos-arm64, r-release-macos-x86_64, r-release-windows-x86_64, r-oldrel-macos-arm64, r-oldrel-macos-x86_64, r-oldrel-windows-x86_64