Last updated on 2025-02-21 09:51:04 CET.
Flavor | Version | Tinstall | Tcheck | Ttotal | Status | Flags |
---|---|---|---|---|---|---|
r-devel-linux-x86_64-debian-clang | 2.4.2 | 35.17 | 294.12 | 329.29 | OK | |
r-devel-linux-x86_64-debian-gcc | 2.4.2 | 23.69 | 207.02 | 230.71 | OK | |
r-devel-linux-x86_64-fedora-clang | 2.4.2 | 541.71 | OK | |||
r-devel-linux-x86_64-fedora-gcc | 2.4.2 | 522.33 | OK | |||
r-devel-macos-arm64 | 2.4.2 | 134.00 | OK | |||
r-devel-macos-x86_64 | 2.4.2 | 251.00 | OK | |||
r-devel-windows-x86_64 | 2.4.2 | 36.00 | 294.00 | 330.00 | OK | |
r-patched-linux-x86_64 | 2.4.2 | 35.09 | 275.46 | 310.55 | OK | |
r-release-linux-x86_64 | 2.4.2 | 31.94 | 273.87 | 305.81 | OK | |
r-release-macos-arm64 | 2.4.2 | 86.00 | NOTE | |||
r-release-macos-x86_64 | 2.4.2 | 163.00 | OK | |||
r-release-windows-x86_64 | 2.4.2 | 37.00 | 294.00 | 331.00 | OK | |
r-oldrel-macos-arm64 | 2.4.2 | 97.00 | NOTE | |||
r-oldrel-macos-x86_64 | 2.4.2 | 160.00 | NOTE | |||
r-oldrel-windows-x86_64 | 2.4.2 | 51.00 | 384.00 | 435.00 | OK |
Version: 2.4.2
Check: package dependencies
Result: NOTE
Packages suggested but not available for checking:
'org.Rn.eg.db', 'org.Mm.eg.db'
Flavors: r-release-macos-arm64, r-oldrel-macos-x86_64
Version: 2.4.2
Check: package dependencies
Result: NOTE
Package suggested but not available for checking: ‘org.Rn.eg.db’
Flavor: r-oldrel-macos-arm64