Last updated on 2025-02-21 09:51:04 CET.
Flavor | Version | Tinstall | Tcheck | Ttotal | Status | Flags |
---|---|---|---|---|---|---|
r-devel-linux-x86_64-debian-clang | 0.3.1 | 13.40 | 90.57 | 103.97 | NOTE | |
r-devel-linux-x86_64-debian-gcc | 0.3.1 | 10.31 | 61.73 | 72.04 | NOTE | |
r-devel-linux-x86_64-fedora-clang | 0.3.1 | 172.78 | NOTE | |||
r-devel-linux-x86_64-fedora-gcc | 0.3.1 | 165.67 | NOTE | |||
r-devel-macos-arm64 | 0.3.1 | 59.00 | NOTE | |||
r-devel-macos-x86_64 | 0.3.1 | 115.00 | NOTE | |||
r-devel-windows-x86_64 | 0.3.1 | 26.00 | 112.00 | 138.00 | NOTE | |
r-patched-linux-x86_64 | 0.3.1 | 16.12 | 82.10 | 98.22 | OK | |
r-release-linux-x86_64 | 0.3.1 | 11.98 | 82.51 | 94.49 | OK | |
r-release-macos-arm64 | 0.3.1 | 48.00 | OK | |||
r-release-macos-x86_64 | 0.3.1 | 78.00 | OK | |||
r-release-windows-x86_64 | 0.3.1 | 28.00 | 107.00 | 135.00 | OK | |
r-oldrel-macos-arm64 | 0.3.1 | 56.00 | OK | |||
r-oldrel-macos-x86_64 | 0.3.1 | 97.00 | OK | |||
r-oldrel-windows-x86_64 | 0.3.1 | 27.00 | 121.00 | 148.00 | OK |
Version: 0.3.1
Check: Rd cross-references
Result: NOTE
Found the following Rd file(s) with Rd \link{} targets missing package
anchors:
guess_tspec.Rd: abort
Please provide package anchors for all Rd \link{} targets not in the
package itself and the base packages.
Flavors: r-devel-linux-x86_64-debian-clang, r-devel-linux-x86_64-debian-gcc, r-devel-windows-x86_64
Version: 0.3.1
Check: compiled code
Result: NOTE
File ‘tibblify/libs/tibblify.so’:
Found non-API calls to R: ‘FRAME’, ‘HASHTAB’, ‘PRENV’, ‘PRVALUE’,
‘R_PromiseExpr’, ‘Rf_findVarInFrame3’, ‘SETLENGTH’, ‘SET_BODY’,
‘SET_CLOENV’, ‘SET_FORMALS’, ‘SET_GROWABLE_BIT’, ‘SET_TRUELENGTH’,
‘STRING_PTR’
Compiled code should not call non-API entry points in R.
See ‘Writing portable packages’ in the ‘Writing R Extensions’ manual,
and section ‘Moving into C API compliance’ for issues with the use of
non-API entry points.
Flavors: r-devel-linux-x86_64-debian-clang, r-devel-linux-x86_64-debian-gcc, r-devel-linux-x86_64-fedora-clang, r-devel-linux-x86_64-fedora-gcc, r-devel-macos-arm64, r-devel-macos-x86_64
Version: 0.3.1
Check: dependencies in R code
Result: NOTE
Namespace in Imports field not imported from: ‘lifecycle’
All declared Imports should be used.
Flavors: r-devel-linux-x86_64-fedora-clang, r-devel-linux-x86_64-fedora-gcc
Version: 0.3.1
Check: compiled code
Result: NOTE
File 'tibblify/libs/x64/tibblify.dll':
Found non-API calls to R: 'FRAME', 'HASHTAB', 'PRENV', 'PRVALUE',
'R_PromiseExpr', 'Rf_findVarInFrame3', 'SETLENGTH', 'SET_BODY',
'SET_CLOENV', 'SET_FORMALS', 'SET_GROWABLE_BIT', 'SET_TRUELENGTH',
'STRING_PTR'
Compiled code should not call non-API entry points in R.
See 'Writing portable packages' in the 'Writing R Extensions' manual,
and section 'Moving into C API compliance' for issues with the use of
non-API entry points.
Flavor: r-devel-windows-x86_64