Last updated on 2025-02-21 09:51:02 CET.
Flavor | Version | Tinstall | Tcheck | Ttotal | Status | Flags |
---|---|---|---|---|---|---|
r-devel-linux-x86_64-debian-clang | 3.1-2 | 10.17 | 81.60 | 91.77 | OK | |
r-devel-linux-x86_64-debian-gcc | 3.1-2 | 7.63 | 62.83 | 70.46 | OK | |
r-devel-linux-x86_64-fedora-clang | 3.1-2 | 144.93 | OK | |||
r-devel-linux-x86_64-fedora-gcc | 3.1-2 | 142.73 | OK | |||
r-devel-macos-arm64 | 3.1-2 | 40.00 | OK | |||
r-devel-macos-x86_64 | 3.1-2 | 88.00 | OK | |||
r-devel-windows-x86_64 | 3.1-2 | 14.00 | 102.00 | 116.00 | OK | |
r-patched-linux-x86_64 | 3.1-2 | 9.72 | 77.69 | 87.41 | NOTE | |
r-release-linux-x86_64 | 3.1-2 | 9.10 | 76.47 | 85.57 | NOTE | |
r-release-macos-arm64 | 3.1-2 | 45.00 | NOTE | |||
r-release-macos-x86_64 | 3.1-2 | 103.00 | NOTE | |||
r-release-windows-x86_64 | 3.1-2 | 13.00 | 93.00 | 106.00 | NOTE | |
r-oldrel-macos-arm64 | 3.1-2 | 50.00 | NOTE | |||
r-oldrel-macos-x86_64 | 3.1-2 | 88.00 | NOTE | |||
r-oldrel-windows-x86_64 | 3.1-2 | 18.00 | 130.00 | 148.00 | NOTE |
Version: 3.1-2
Check: package dependencies
Result: NOTE
Depends: includes the non-default packages:
'spatstat.data', 'spatstat.sparse', 'spatstat.univar',
'spatstat.geom', 'spatstat.random', 'spatstat.explore',
'spatstat.model', 'spatstat.linnet', 'spatstat'
Adding so many packages to the search path is excessive and importing
selectively is preferable.
Flavors: r-patched-linux-x86_64, r-release-linux-x86_64, r-release-macos-arm64, r-release-macos-x86_64, r-release-windows-x86_64, r-oldrel-macos-arm64, r-oldrel-macos-x86_64, r-oldrel-windows-x86_64