Last updated on 2025-02-21 09:51:01 CET.
Flavor | Version | Tinstall | Tcheck | Ttotal | Status | Flags |
---|---|---|---|---|---|---|
r-devel-linux-x86_64-debian-clang | 0.4.0 | 4.18 | 35.40 | 39.58 | NOTE | |
r-devel-linux-x86_64-debian-gcc | 0.4.0 | 2.77 | 26.82 | 29.59 | NOTE | |
r-devel-linux-x86_64-fedora-clang | 0.4.0 | 61.66 | NOTE | |||
r-devel-linux-x86_64-fedora-gcc | 0.4.0 | 71.81 | NOTE | |||
r-devel-macos-arm64 | 0.4.0 | 30.00 | NOTE | |||
r-devel-macos-x86_64 | 0.4.0 | 51.00 | NOTE | |||
r-devel-windows-x86_64 | 0.4.0 | 5.00 | 65.00 | 70.00 | NOTE | |
r-patched-linux-x86_64 | 0.4.0 | 4.15 | 33.60 | 37.75 | NOTE | |
r-release-linux-x86_64 | 0.4.0 | 3.42 | 33.34 | 36.76 | NOTE | |
r-release-macos-arm64 | 0.4.0 | 31.00 | NOTE | |||
r-release-macos-x86_64 | 0.4.0 | 41.00 | NOTE | |||
r-release-windows-x86_64 | 0.4.0 | 6.00 | 64.00 | 70.00 | NOTE | |
r-oldrel-macos-arm64 | 0.4.0 | 29.00 | OK | |||
r-oldrel-macos-x86_64 | 0.4.0 | 42.00 | OK | |||
r-oldrel-windows-x86_64 | 0.4.0 | 6.00 | 103.00 | 109.00 | OK |
Version: 0.4.0
Check: Rd files
Result: NOTE
checkRd: (-1) db_compact.Rd:41: Lost braces; missing escapes or markup?
41 | database structure will be set to true. See GET /{db}. You can also obtain a list of
| ^
Flavors: r-devel-linux-x86_64-debian-clang, r-devel-linux-x86_64-debian-gcc, r-devel-linux-x86_64-fedora-clang, r-devel-linux-x86_64-fedora-gcc, r-devel-macos-arm64, r-devel-macos-x86_64, r-devel-windows-x86_64, r-patched-linux-x86_64, r-release-linux-x86_64, r-release-macos-arm64, r-release-macos-x86_64, r-release-windows-x86_64