Last updated on 2025-02-21 09:51:01 CET.
Flavor | Version | Tinstall | Tcheck | Ttotal | Status | Flags |
---|---|---|---|---|---|---|
r-devel-linux-x86_64-debian-clang | 0.3.3 | 72.05 | 103.87 | 175.92 | NOTE | |
r-devel-linux-x86_64-debian-gcc | 0.3.3 | 58.63 | 71.48 | 130.11 | NOTE | |
r-devel-linux-x86_64-fedora-clang | 0.3.3 | 313.57 | NOTE | |||
r-devel-linux-x86_64-fedora-gcc | 0.3.3 | 305.57 | NOTE | |||
r-devel-macos-arm64 | 0.3.3 | 80.00 | NOTE | |||
r-devel-macos-x86_64 | 0.3.3 | 122.00 | NOTE | |||
r-devel-windows-x86_64 | 0.3.3 | 85.00 | 129.00 | 214.00 | NOTE | |
r-patched-linux-x86_64 | 0.3.3 | 81.44 | 94.53 | 175.97 | NOTE | |
r-release-linux-x86_64 | 0.3.3 | 79.92 | 95.61 | 175.53 | NOTE | |
r-release-macos-arm64 | 0.3.3 | 77.00 | NOTE | |||
r-release-macos-x86_64 | 0.3.3 | 98.00 | NOTE | |||
r-release-windows-x86_64 | 0.3.3 | 86.00 | 122.00 | 208.00 | NOTE | |
r-oldrel-macos-arm64 | 0.3.3 | 99.00 | NOTE | |||
r-oldrel-macos-x86_64 | 0.3.3 | 149.00 | NOTE | |||
r-oldrel-windows-x86_64 | 0.3.3 | 104.00 | 155.00 | 259.00 | NOTE |
Version: 0.3.3
Check: C++ specification
Result: NOTE
Specified C++11: please drop specification unless essential
Flavors: r-devel-linux-x86_64-debian-clang, r-devel-linux-x86_64-debian-gcc, r-devel-linux-x86_64-fedora-clang, r-devel-linux-x86_64-fedora-gcc, r-devel-macos-arm64, r-devel-macos-x86_64, r-devel-windows-x86_64, r-patched-linux-x86_64, r-release-linux-x86_64, r-release-macos-arm64, r-release-macos-x86_64, r-release-windows-x86_64, r-oldrel-macos-arm64, r-oldrel-macos-x86_64, r-oldrel-windows-x86_64
Version: 0.3.3
Check: installed package size
Result: NOTE
installed size is 7.3Mb
sub-directories of 1Mb or more:
libs 7.0Mb
Flavors: r-release-macos-arm64, r-release-macos-x86_64, r-oldrel-macos-arm64, r-oldrel-macos-x86_64