Last updated on 2025-02-21 09:51:00 CET.
Flavor | Version | Tinstall | Tcheck | Ttotal | Status | Flags |
---|---|---|---|---|---|---|
r-devel-linux-x86_64-debian-clang | 0.0.7 | 3.56 | 314.42 | 317.98 | NOTE | |
r-devel-linux-x86_64-debian-gcc | 0.0.7 | 2.63 | 182.83 | 185.46 | NOTE | |
r-devel-linux-x86_64-fedora-clang | 0.0.7 | 493.57 | NOTE | |||
r-devel-linux-x86_64-fedora-gcc | 0.0.7 | 481.04 | NOTE | |||
r-devel-macos-arm64 | 0.0.7 | 106.00 | NOTE | |||
r-devel-macos-x86_64 | 0.0.7 | 341.00 | NOTE | |||
r-devel-windows-x86_64 | 0.0.7 | 6.00 | 259.00 | 265.00 | NOTE | |
r-patched-linux-x86_64 | 0.0.7 | 4.56 | 278.02 | 282.58 | NOTE | |
r-release-linux-x86_64 | 0.0.7 | 3.36 | 278.90 | 282.26 | NOTE | |
r-release-macos-arm64 | 0.0.7 | 108.00 | NOTE | |||
r-release-macos-x86_64 | 0.0.7 | 235.00 | NOTE | |||
r-release-windows-x86_64 | 0.0.7 | 4.00 | 253.00 | 257.00 | NOTE | |
r-oldrel-macos-arm64 | 0.0.7 | 117.00 | OK | |||
r-oldrel-macos-x86_64 | 0.0.7 | 425.00 | OK | |||
r-oldrel-windows-x86_64 | 0.0.7 | 5.00 | 338.00 | 343.00 | OK |
Version: 0.0.7
Check: Rd files
Result: NOTE
checkRd: (-1) internal.statistics.one.lm.Rd:18: Lost braces in \itemize; \value handles \item{}{} directly
checkRd: (-1) internal.statistics.one.lm.Rd:19: Lost braces in \itemize; \value handles \item{}{} directly
checkRd: (-1) simstudy.logistic.Rd:64: Lost braces in \itemize; \value handles \item{}{} directly
checkRd: (-1) simstudy.logistic.Rd:65: Lost braces in \itemize; \value handles \item{}{} directly
checkRd: (-1) simstudy.logistic.Rd:66: Lost braces in \itemize; \value handles \item{}{} directly
checkRd: (-1) simstudy.logistic.Rd:67: Lost braces in \itemize; \value handles \item{}{} directly
checkRd: (-1) simstudy.prop.Rd:51: Lost braces in \itemize; \value handles \item{}{} directly
checkRd: (-1) simstudy.prop.Rd:52: Lost braces in \itemize; \value handles \item{}{} directly
checkRd: (-1) simstudy.prop.Rd:53: Lost braces in \itemize; \value handles \item{}{} directly
checkRd: (-1) simstudy.prop2.Rd:66: Lost braces in \itemize; \value handles \item{}{} directly
checkRd: (-1) simstudy.prop2.Rd:67: Lost braces in \itemize; \value handles \item{}{} directly
checkRd: (-1) simstudy.prop2.Rd:68: Lost braces in \itemize; \value handles \item{}{} directly
checkRd: (-1) simstudy.t.Rd:51: Lost braces in \itemize; \value handles \item{}{} directly
checkRd: (-1) simstudy.t.Rd:52: Lost braces in \itemize; \value handles \item{}{} directly
checkRd: (-1) simstudy.t.Rd:53: Lost braces in \itemize; \value handles \item{}{} directly
checkRd: (-1) simstudy.t2.Rd:72: Lost braces in \itemize; \value handles \item{}{} directly
checkRd: (-1) simstudy.t2.Rd:73: Lost braces in \itemize; \value handles \item{}{} directly
checkRd: (-1) simstudy.t2.Rd:74: Lost braces in \itemize; \value handles \item{}{} directly
Flavors: r-devel-linux-x86_64-debian-clang, r-devel-linux-x86_64-debian-gcc, r-devel-linux-x86_64-fedora-clang, r-devel-linux-x86_64-fedora-gcc, r-devel-macos-arm64, r-devel-macos-x86_64, r-devel-windows-x86_64, r-patched-linux-x86_64, r-release-linux-x86_64, r-release-macos-arm64, r-release-macos-x86_64, r-release-windows-x86_64