Last updated on 2025-02-21 09:51:00 CET.
Flavor | Version | Tinstall | Tcheck | Ttotal | Status | Flags |
---|---|---|---|---|---|---|
r-devel-linux-x86_64-debian-clang | 1.17.1 | 8.41 | 89.35 | 97.76 | NOTE | |
r-devel-linux-x86_64-debian-gcc | 1.17.1 | 5.19 | 55.55 | 60.74 | NOTE | |
r-devel-linux-x86_64-fedora-clang | 1.17.1 | 155.18 | NOTE | |||
r-devel-linux-x86_64-fedora-gcc | 1.17.1 | 150.97 | NOTE | |||
r-devel-macos-arm64 | 1.17.1 | 46.00 | NOTE | |||
r-devel-macos-x86_64 | 1.17.1 | 90.00 | NOTE | |||
r-devel-windows-x86_64 | 1.17.1 | 9.00 | 132.00 | 141.00 | NOTE | |
r-patched-linux-x86_64 | 1.17.1 | 10.12 | 85.16 | 95.28 | NOTE | |
r-release-linux-x86_64 | 1.17.1 | 7.63 | 83.73 | 91.36 | NOTE | |
r-release-macos-arm64 | 1.17.1 | 45.00 | NOTE | |||
r-release-macos-x86_64 | 1.17.1 | 88.00 | NOTE | |||
r-release-windows-x86_64 | 1.17.1 | 9.00 | 134.00 | 143.00 | NOTE | |
r-oldrel-macos-arm64 | 1.17.1 | 49.00 | OK | |||
r-oldrel-macos-x86_64 | 1.17.1 | 84.00 | OK | |||
r-oldrel-windows-x86_64 | 1.17.1 | 9.00 | 151.00 | 160.00 | OK |
Version: 1.17.1
Check: Rd files
Result: NOTE
checkRd: (-1) MrBayes.Rd:24: Lost braces
24 | \item{contype}{A character string; the type of consensus tree calculated from the posterior distribution of trees}{either "halfcompat" (majority-rule consensus tree) or "allcombat" (strict consensus tree)}
| ^
Flavors: r-devel-linux-x86_64-debian-clang, r-devel-linux-x86_64-debian-gcc, r-devel-linux-x86_64-fedora-clang, r-devel-linux-x86_64-fedora-gcc, r-devel-macos-arm64, r-devel-macos-x86_64, r-devel-windows-x86_64, r-patched-linux-x86_64, r-release-linux-x86_64, r-release-macos-arm64, r-release-macos-x86_64, r-release-windows-x86_64