Last updated on 2025-02-21 09:51:00 CET.
Flavor | Version | Tinstall | Tcheck | Ttotal | Status | Flags |
---|---|---|---|---|---|---|
r-devel-linux-x86_64-debian-clang | 0.0.1 | 4.81 | 36.50 | 41.31 | NOTE | |
r-devel-linux-x86_64-debian-gcc | 0.0.1 | 3.26 | 27.43 | 30.69 | NOTE | |
r-devel-linux-x86_64-fedora-clang | 0.0.1 | 67.25 | NOTE | |||
r-devel-linux-x86_64-fedora-gcc | 0.0.1 | 76.95 | NOTE | |||
r-devel-macos-arm64 | 0.0.1 | 30.00 | NOTE | |||
r-devel-macos-x86_64 | 0.0.1 | 51.00 | NOTE | |||
r-devel-windows-x86_64 | 0.0.1 | 6.00 | 63.00 | 69.00 | NOTE | |
r-patched-linux-x86_64 | 0.0.1 | 5.08 | 34.62 | 39.70 | NOTE | |
r-release-linux-x86_64 | 0.0.1 | 4.34 | 34.55 | 38.89 | NOTE | |
r-release-macos-arm64 | 0.0.1 | 28.00 | NOTE | |||
r-release-macos-x86_64 | 0.0.1 | 43.00 | NOTE | |||
r-release-windows-x86_64 | 0.0.1 | 8.00 | 58.00 | 66.00 | NOTE | |
r-oldrel-macos-arm64 | 0.0.1 | 28.00 | NOTE | |||
r-oldrel-macos-x86_64 | 0.0.1 | 44.00 | NOTE | |||
r-oldrel-windows-x86_64 | 0.0.1 | 7.00 | 75.00 | 82.00 | NOTE |
Version: 0.0.1
Check: Rd files
Result: NOTE
checkRd: (-1) addValidationSuffix.Rd:13: Lost braces; missing escapes or markup?
13 | A string `"{tagId}-shinyreforms-validation"`.
| ^
Flavors: r-devel-linux-x86_64-debian-clang, r-devel-linux-x86_64-debian-gcc, r-devel-linux-x86_64-fedora-clang, r-devel-linux-x86_64-fedora-gcc, r-devel-macos-arm64, r-devel-macos-x86_64, r-devel-windows-x86_64, r-patched-linux-x86_64, r-release-linux-x86_64, r-release-macos-arm64, r-release-macos-x86_64, r-release-windows-x86_64
Version: 0.0.1
Check: LazyData
Result: NOTE
'LazyData' is specified without a 'data' directory
Flavors: r-patched-linux-x86_64, r-release-linux-x86_64, r-release-macos-arm64, r-release-macos-x86_64, r-release-windows-x86_64, r-oldrel-macos-arm64, r-oldrel-macos-x86_64, r-oldrel-windows-x86_64