Last updated on 2025-07-12 09:49:31 CEST.
Flavor | Version | Tinstall | Tcheck | Ttotal | Status | Flags |
---|---|---|---|---|---|---|
r-devel-linux-x86_64-debian-clang | 1.1.0 | 392.09 | 476.13 | 868.22 | OK | |
r-devel-linux-x86_64-debian-gcc | 1.1.0 | 364.97 | 381.53 | 746.50 | OK | |
r-devel-linux-x86_64-fedora-clang | 1.1.0 | 1297.25 | OK | |||
r-devel-linux-x86_64-fedora-gcc | 1.1.0 | 1539.94 | OK | |||
r-devel-windows-x86_64 | 1.1.0 | 428.00 | 593.00 | 1021.00 | OK | |
r-patched-linux-x86_64 | 1.1.0 | 483.15 | 530.51 | 1013.66 | OK | |
r-release-linux-x86_64 | 1.1.0 | 462.31 | 492.96 | 955.27 | OK | |
r-release-macos-arm64 | 1.1.0 | 230.00 | OK | |||
r-release-macos-x86_64 | 1.1.0 | 346.00 | OK | |||
r-release-windows-x86_64 | 1.1.0 | 434.00 | 495.00 | 929.00 | OK | |
r-oldrel-macos-arm64 | 1.1.0 | 269.00 | NOTE | |||
r-oldrel-macos-x86_64 | 1.1.0 | 398.00 | NOTE | |||
r-oldrel-windows-x86_64 | 1.1.0 | 502.00 | 737.00 | 1239.00 | NOTE |
Version: 1.1.0
Check: installed package size
Result: NOTE
installed size is 65.1Mb
sub-directories of 1Mb or more:
doc 1.5Mb
help 1.4Mb
libs 61.9Mb
Flavors: r-oldrel-macos-arm64, r-oldrel-macos-x86_64, r-oldrel-windows-x86_64
Version: 1.1.0
Check: for GNU extensions in Makefiles
Result: NOTE
GNU make is a SystemRequirements.
Flavors: r-oldrel-macos-arm64, r-oldrel-macos-x86_64, r-oldrel-windows-x86_64