Last updated on 2025-02-17 09:49:54 CET.
Flavor | Version | Tinstall | Tcheck | Ttotal | Status | Flags |
---|---|---|---|---|---|---|
r-devel-linux-x86_64-debian-clang | 9.3.18 | 314.92 | 31.67 | 346.59 | OK | |
r-devel-linux-x86_64-debian-gcc | 9.3.18 | 273.13 | 25.17 | 298.30 | OK | |
r-devel-linux-x86_64-fedora-clang | 9.3.18 | 595.13 | OK | |||
r-devel-linux-x86_64-fedora-gcc | 9.3.18 | 631.86 | OK | |||
r-devel-macos-arm64 | 9.3.18 | 229.00 | OK | |||
r-devel-macos-x86_64 | 9.3.18 | 372.00 | OK | |||
r-devel-windows-x86_64 | 9.3.18 | 1020.00 | 79.00 | 1099.00 | OK | |
r-patched-linux-x86_64 | 9.3.18 | 313.08 | 30.85 | 343.93 | NOTE | |
r-release-linux-x86_64 | 9.3.18 | 313.38 | 30.95 | 344.33 | NOTE | |
r-release-macos-arm64 | 9.3.18 | 258.00 | NOTE | |||
r-release-macos-x86_64 | 9.3.18 | 419.00 | NOTE | |||
r-release-windows-x86_64 | 9.3.18 | 1111.00 | 69.00 | 1180.00 | NOTE | |
r-oldrel-macos-arm64 | 9.3.18 | 247.00 | NOTE | |||
r-oldrel-macos-x86_64 | 9.3.18 | 416.00 | NOTE | |||
r-oldrel-windows-x86_64 | 9.3.18 | 1100.00 | 102.00 | 1202.00 | NOTE |
Version: 9.3.18
Check: for GNU extensions in Makefiles
Result: NOTE
GNU make is a SystemRequirements.
Flavors: r-patched-linux-x86_64, r-release-linux-x86_64, r-release-macos-arm64, r-release-macos-x86_64, r-release-windows-x86_64, r-oldrel-macos-arm64, r-oldrel-macos-x86_64, r-oldrel-windows-x86_64
Version: 9.3.18
Check: installed package size
Result: NOTE
installed size is 26.5Mb
sub-directories of 1Mb or more:
swipl 26.1Mb
Flavors: r-release-macos-arm64, r-release-macos-x86_64, r-release-windows-x86_64, r-oldrel-macos-arm64, r-oldrel-macos-x86_64, r-oldrel-windows-x86_64