CRAN Package Check Results for Package rrefine

Last updated on 2025-02-21 09:50:58 CET.

Flavor Version Tinstall Tcheck Ttotal Status Flags
r-devel-linux-x86_64-debian-clang 2.1.0 1.79 24.23 26.02 NOTE
r-devel-linux-x86_64-debian-gcc 2.1.0 1.58 19.47 21.05 NOTE
r-devel-linux-x86_64-fedora-clang 2.1.0 43.57 NOTE
r-devel-linux-x86_64-fedora-gcc 2.1.0 55.52 NOTE
r-devel-macos-arm64 2.1.0 27.00 NOTE
r-devel-macos-x86_64 2.1.0 126.00 NOTE
r-devel-windows-x86_64 2.1.0 4.00 50.00 54.00 NOTE
r-patched-linux-x86_64 2.1.0 2.32 23.59 25.91 NOTE
r-release-linux-x86_64 2.1.0 2.08 23.34 25.42 NOTE
r-release-macos-arm64 2.1.0 29.00 NOTE
r-release-macos-x86_64 2.1.0 36.00 NOTE
r-release-windows-x86_64 2.1.0 4.00 47.00 51.00 NOTE
r-oldrel-macos-arm64 2.1.0 25.00 OK
r-oldrel-macos-x86_64 2.1.0 35.00 OK
r-oldrel-windows-x86_64 2.1.0 5.00 60.00 65.00 OK

Check Details

Version: 2.1.0
Check: Rd files
Result: NOTE checkRd: (-1) lateformeeting.Rd:10: Lost braces in \itemize; meant \describe ? checkRd: (-1) lateformeeting.Rd:11: Lost braces in \itemize; meant \describe ? checkRd: (-1) lateformeeting.Rd:12: Lost braces in \itemize; meant \describe ? checkRd: (-1) lateformeeting.Rd:13: Lost braces in \itemize; meant \describe ? checkRd: (-1) lfm_clean.Rd:10: Lost braces in \itemize; meant \describe ? checkRd: (-1) lfm_clean.Rd:11: Lost braces in \itemize; meant \describe ? checkRd: (-1) lfm_clean.Rd:12: Lost braces in \itemize; meant \describe ? checkRd: (-1) lfm_clean.Rd:13: Lost braces in \itemize; meant \describe ? Flavors: r-devel-linux-x86_64-debian-clang, r-devel-linux-x86_64-debian-gcc, r-devel-linux-x86_64-fedora-clang, r-devel-linux-x86_64-fedora-gcc, r-devel-macos-arm64, r-devel-macos-x86_64, r-devel-windows-x86_64, r-patched-linux-x86_64, r-release-linux-x86_64, r-release-macos-arm64, r-release-macos-x86_64, r-release-windows-x86_64