CRAN Package Check Results for Package ricu

Last updated on 2025-02-21 09:50:57 CET.

Flavor Version Tinstall Tcheck Ttotal Status Flags
r-devel-linux-x86_64-debian-clang 0.5.6 15.07 156.08 171.15 NOTE
r-devel-linux-x86_64-debian-gcc 0.5.6 9.82 110.46 120.28 NOTE
r-devel-linux-x86_64-fedora-clang 0.5.6 268.44 OK
r-devel-linux-x86_64-fedora-gcc 0.5.6 262.12 OK
r-devel-macos-arm64 0.5.6 77.00 OK
r-devel-macos-x86_64 0.5.6 186.00 OK
r-devel-windows-x86_64 0.5.6 18.00 170.00 188.00 NOTE
r-patched-linux-x86_64 0.5.6 20.06 144.50 164.56 NOTE
r-release-linux-x86_64 0.5.6 15.08 146.30 161.38 NOTE
r-release-macos-arm64 0.5.6 74.00 NOTE
r-release-macos-x86_64 0.5.6 118.00 NOTE
r-release-windows-x86_64 0.5.6 19.00 172.00 191.00 NOTE
r-oldrel-macos-arm64 0.5.6 85.00 NOTE
r-oldrel-macos-x86_64 0.5.6 175.00 NOTE
r-oldrel-windows-x86_64 0.5.6 21.00 186.00 207.00 NOTE

Check Details

Version: 0.5.6
Check: Rd cross-references
Result: NOTE Found the following Rd file(s) with Rd \link{} targets missing package anchors: ts_utils.Rd: data.table Please provide package anchors for all Rd \link{} targets not in the package itself and the base packages. Flavors: r-devel-linux-x86_64-debian-clang, r-devel-linux-x86_64-debian-gcc, r-devel-windows-x86_64

Version: 0.5.6
Check: package dependencies
Result: NOTE Packages suggested but not available for checking: 'mimic.demo', 'eicu.demo' Flavors: r-patched-linux-x86_64, r-release-linux-x86_64, r-release-macos-arm64, r-release-macos-x86_64, r-release-windows-x86_64, r-oldrel-macos-arm64, r-oldrel-macos-x86_64, r-oldrel-windows-x86_64