Last updated on 2025-02-21 09:50:57 CET.
Flavor | Version | Tinstall | Tcheck | Ttotal | Status | Flags |
---|---|---|---|---|---|---|
r-devel-linux-x86_64-debian-clang | 2.5.2 | 4.15 | 56.70 | 60.85 | NOTE | |
r-devel-linux-x86_64-debian-gcc | 2.5.2 | 2.92 | 40.93 | 43.85 | NOTE | |
r-devel-linux-x86_64-fedora-clang | 2.5.2 | 93.61 | OK | |||
r-devel-linux-x86_64-fedora-gcc | 2.5.2 | 89.79 | OK | |||
r-devel-macos-arm64 | 2.5.2 | 35.00 | OK | |||
r-devel-macos-x86_64 | 2.5.2 | 74.00 | OK | |||
r-devel-windows-x86_64 | 2.5.2 | 7.00 | 77.00 | 84.00 | NOTE | |
r-patched-linux-x86_64 | 2.5.2 | 11.56 | 53.93 | 65.49 | OK | |
r-release-linux-x86_64 | 2.5.2 | 3.68 | 53.81 | 57.49 | OK | |
r-release-macos-arm64 | 2.5.2 | 35.00 | OK | |||
r-release-macos-x86_64 | 2.5.2 | 51.00 | OK | |||
r-release-windows-x86_64 | 2.5.2 | 7.00 | 76.00 | 83.00 | OK | |
r-oldrel-macos-arm64 | 2.5.2 | 38.00 | OK | |||
r-oldrel-macos-x86_64 | 2.5.2 | 69.00 | OK | |||
r-oldrel-windows-x86_64 | 2.5.2 | 8.00 | 93.00 | 101.00 | OK |
Version: 2.5.2
Check: Rd cross-references
Result: NOTE
Found the following Rd file(s) with Rd \link{} targets missing package
anchors:
plotProximity.Rd: ggplot
rfPermute.Rd: randomForest
Please provide package anchors for all Rd \link{} targets not in the
package itself and the base packages.
Flavors: r-devel-linux-x86_64-debian-clang, r-devel-linux-x86_64-debian-gcc, r-devel-windows-x86_64