Last updated on 2025-07-11 09:50:14 CEST.
Flavor | Version | Tinstall | Tcheck | Ttotal | Status | Flags |
---|---|---|---|---|---|---|
r-devel-linux-x86_64-debian-clang | 0.2.1 | 20.63 | 219.60 | 240.23 | NOTE | |
r-devel-linux-x86_64-debian-gcc | 0.2.1 | 15.29 | 156.91 | 172.20 | NOTE | |
r-devel-linux-x86_64-fedora-clang | 0.2.1 | 395.77 | NOTE | |||
r-devel-linux-x86_64-fedora-gcc | 0.2.1 | 376.86 | NOTE | |||
r-devel-windows-x86_64 | 0.2.1 | 22.00 | 202.00 | 224.00 | NOTE | |
r-patched-linux-x86_64 | 0.2.1 | 22.18 | 207.39 | 229.57 | NOTE | |
r-release-linux-x86_64 | 0.2.1 | 21.30 | 207.05 | 228.35 | NOTE | |
r-release-macos-arm64 | 0.2.1 | 114.00 | NOTE | |||
r-release-macos-x86_64 | 0.2.1 | 203.00 | NOTE | |||
r-release-windows-x86_64 | 0.2.1 | 23.00 | 212.00 | 235.00 | NOTE | |
r-oldrel-macos-arm64 | 0.2.1 | 112.00 | NOTE | |||
r-oldrel-macos-x86_64 | 0.2.1 | 167.00 | NOTE | |||
r-oldrel-windows-x86_64 | 0.2.1 | 31.00 | 265.00 | 296.00 | NOTE |
Version: 0.2.1
Check: Rd files
Result: NOTE
checkRd: (-1) impute_plot.Rd:32: Lost braces; missing escapes or markup?
32 | \item{global}{Logical. If \code{TRUE} ({default}), a global density plot is
| ^
Flavors: r-devel-linux-x86_64-debian-clang, r-devel-linux-x86_64-debian-gcc, r-devel-linux-x86_64-fedora-clang, r-devel-linux-x86_64-fedora-gcc, r-devel-windows-x86_64, r-patched-linux-x86_64, r-release-linux-x86_64, r-release-macos-arm64, r-release-macos-x86_64, r-release-windows-x86_64, r-oldrel-macos-arm64, r-oldrel-macos-x86_64, r-oldrel-windows-x86_64