Last updated on 2025-02-21 09:50:56 CET.
Flavor | Version | Tinstall | Tcheck | Ttotal | Status | Flags |
---|---|---|---|---|---|---|
r-devel-linux-x86_64-debian-clang | 2.1.3 | 5.85 | 47.51 | 53.36 | OK | |
r-devel-linux-x86_64-debian-gcc | 2.1.3 | 3.67 | 32.70 | 36.37 | OK | |
r-devel-linux-x86_64-fedora-clang | 2.1.3 | 83.31 | NOTE | |||
r-devel-linux-x86_64-fedora-gcc | 2.1.3 | 78.04 | NOTE | |||
r-devel-macos-arm64 | 2.1.3 | 28.00 | OK | |||
r-devel-macos-x86_64 | 2.1.3 | 95.00 | OK | |||
r-devel-windows-x86_64 | 2.1.3 | 8.00 | 72.00 | 80.00 | OK | |
r-patched-linux-x86_64 | 2.1.3 | 5.78 | 43.68 | 49.46 | OK | |
r-release-linux-x86_64 | 2.1.3 | 5.46 | 43.42 | 48.88 | OK | |
r-release-macos-arm64 | 2.1.3 | 27.00 | OK | |||
r-release-macos-x86_64 | 2.1.3 | 65.00 | OK | |||
r-release-windows-x86_64 | 2.1.3 | 7.00 | 66.00 | 73.00 | OK | |
r-oldrel-macos-arm64 | 2.1.3 | 28.00 | OK | |||
r-oldrel-macos-x86_64 | 2.1.3 | 37.00 | OK | |||
r-oldrel-windows-x86_64 | 2.1.3 | 9.00 | 82.00 | 91.00 | OK |
Version: 2.1.3
Check: dependencies in R code
Result: NOTE
Namespace in Imports field not imported from: ‘methods’
All declared Imports should be used.
Flavors: r-devel-linux-x86_64-fedora-clang, r-devel-linux-x86_64-fedora-gcc