CRAN Package Check Results for Package plotprotein

Last updated on 2025-02-21 09:50:55 CET.

Flavor Version Tinstall Tcheck Ttotal Status Flags
r-devel-linux-x86_64-debian-clang 1.0 3.57 34.74 38.31 NOTE
r-devel-linux-x86_64-debian-gcc 1.0 3.03 27.18 30.21 NOTE
r-devel-linux-x86_64-fedora-clang 1.0 62.39 NOTE
r-devel-linux-x86_64-fedora-gcc 1.0 61.43 NOTE
r-devel-macos-arm64 1.0 23.00 NOTE
r-devel-macos-x86_64 1.0 42.00 NOTE
r-devel-windows-x86_64 1.0 5.00 59.00 64.00 NOTE
r-patched-linux-x86_64 1.0 4.39 33.22 37.61 NOTE
r-release-linux-x86_64 1.0 3.67 32.97 36.64 NOTE
r-release-macos-arm64 1.0 23.00 NOTE
r-release-macos-x86_64 1.0 33.00 NOTE
r-release-windows-x86_64 1.0 6.00 60.00 66.00 NOTE
r-oldrel-macos-arm64 1.0 23.00 OK
r-oldrel-macos-x86_64 1.0 32.00 OK
r-oldrel-windows-x86_64 1.0 6.00 63.00 69.00 OK

Check Details

Version: 1.0
Check: Rd files
Result: NOTE checkRd: (-1) domain_data.Rd:29: Lost braces 29 | code{\link{help}} | ^ checkRd: (-1) length_data.Rd:32: Lost braces 32 | code{\link{help}} | ^ checkRd: (-1) plotdomain.Rd:30: Lost braces 30 | code{\link{help}} | ^ checkRd: (-1) plotmutagensis.Rd:30: Lost braces 30 | code{\link{help}} | ^ checkRd: (-1) plotprotein-package.Rd:20: Lost braces 20 | code{\link{help}} | ^ checkRd: (-1) plotprotein.Rd:30: Lost braces 30 | code{\link{help}} | ^ checkRd: (-1) plotsite.Rd:30: Lost braces 30 | code{\link{help}} | ^ checkRd: (-1) site_data.Rd:30: Lost braces 30 | code{\link{help}} | ^ Flavors: r-devel-linux-x86_64-debian-clang, r-devel-linux-x86_64-debian-gcc, r-devel-linux-x86_64-fedora-clang, r-devel-linux-x86_64-fedora-gcc, r-devel-macos-arm64, r-devel-macos-x86_64, r-devel-windows-x86_64, r-patched-linux-x86_64, r-release-linux-x86_64, r-release-macos-arm64, r-release-macos-x86_64, r-release-windows-x86_64