Last updated on 2025-02-21 09:50:55 CET.
Flavor | Version | Tinstall | Tcheck | Ttotal | Status | Flags |
---|---|---|---|---|---|---|
r-devel-linux-x86_64-debian-clang | 1.1-12 | 6.42 | 29.59 | 36.01 | NOTE | |
r-devel-linux-x86_64-debian-gcc | 1.1-12 | 4.88 | 22.23 | 27.11 | NOTE | |
r-devel-linux-x86_64-fedora-clang | 1.1-12 | 57.63 | OK | |||
r-devel-linux-x86_64-fedora-gcc | 1.1-12 | 54.45 | OK | |||
r-devel-macos-arm64 | 1.1-12 | 22.00 | OK | |||
r-devel-macos-x86_64 | 1.1-12 | 35.00 | OK | |||
r-devel-windows-x86_64 | 1.1-12 | 12.00 | 54.00 | 66.00 | OK | |
r-patched-linux-x86_64 | 1.1-12 | 7.58 | 27.02 | 34.60 | OK | |
r-release-linux-x86_64 | 1.1-12 | 6.09 | 27.53 | 33.62 | OK | |
r-release-macos-arm64 | 1.1-12 | 22.00 | OK | |||
r-release-macos-x86_64 | 1.1-12 | 32.00 | OK | |||
r-release-windows-x86_64 | 1.1-12 | 11.00 | 53.00 | 64.00 | OK | |
r-oldrel-macos-arm64 | 1.1-12 | 23.00 | OK | |||
r-oldrel-macos-x86_64 | 1.1-12 | 31.00 | NOTE | |||
r-oldrel-windows-x86_64 | 1.1-12 | 14.00 | 57.00 | 71.00 | OK |
Version: 1.1-12
Check: for unstated dependencies in ‘demo’
Result: NOTE
'library' or 'require' call not declared from: ‘MASS’
Flavors: r-devel-linux-x86_64-debian-clang, r-devel-linux-x86_64-debian-gcc
Version: 1.1-12
Check: package dependencies
Result: NOTE
Package suggested but not available for checking: ‘ellipse’
Flavor: r-oldrel-macos-x86_64