Last updated on 2025-02-21 09:50:55 CET.
Flavor | Version | Tinstall | Tcheck | Ttotal | Status | Flags |
---|---|---|---|---|---|---|
r-devel-linux-x86_64-debian-clang | 1.0.0 | 28.07 | 28.79 | 56.86 | NOTE | |
r-devel-linux-x86_64-debian-gcc | 1.0.0 | 20.68 | 21.80 | 42.48 | NOTE | |
r-devel-linux-x86_64-fedora-clang | 1.0.0 | 106.93 | NOTE | |||
r-devel-linux-x86_64-fedora-gcc | 1.0.0 | 100.50 | NOTE | |||
r-devel-macos-arm64 | 1.0.0 | 29.00 | NOTE | |||
r-devel-macos-x86_64 | 1.0.0 | 52.00 | NOTE | |||
r-devel-windows-x86_64 | 1.0.0 | 31.00 | 72.00 | 103.00 | NOTE | |
r-patched-linux-x86_64 | 1.0.0 | 30.29 | 27.41 | 57.70 | NOTE | |
r-release-linux-x86_64 | 1.0.0 | 28.61 | 27.60 | 56.21 | NOTE | |
r-release-macos-arm64 | 1.0.0 | 30.00 | NOTE | |||
r-release-macos-x86_64 | 1.0.0 | 38.00 | NOTE | |||
r-release-windows-x86_64 | 1.0.0 | 32.00 | 66.00 | 98.00 | NOTE | |
r-oldrel-macos-arm64 | 1.0.0 | 34.00 | NOTE | |||
r-oldrel-macos-x86_64 | 1.0.0 | 53.00 | NOTE | |||
r-oldrel-windows-x86_64 | 1.0.0 | 39.00 | 106.00 | 145.00 | NOTE |
Version: 1.0.0
Check: C++ specification
Result: NOTE
Specified C++11: please drop specification unless essential
Flavors: r-devel-linux-x86_64-debian-clang, r-devel-linux-x86_64-debian-gcc, r-devel-linux-x86_64-fedora-clang, r-devel-linux-x86_64-fedora-gcc, r-devel-macos-arm64, r-devel-macos-x86_64, r-devel-windows-x86_64, r-patched-linux-x86_64, r-release-linux-x86_64, r-release-macos-arm64, r-release-macos-x86_64, r-release-windows-x86_64, r-oldrel-macos-arm64, r-oldrel-macos-x86_64, r-oldrel-windows-x86_64