Last updated on 2025-02-21 09:50:55 CET.
Flavor | Version | Tinstall | Tcheck | Ttotal | Status | Flags |
---|---|---|---|---|---|---|
r-devel-linux-x86_64-debian-clang | 0.0.1 | 1.75 | 18.18 | 19.93 | OK | |
r-devel-linux-x86_64-debian-gcc | 0.0.1 | 1.59 | 14.81 | 16.40 | OK | |
r-devel-linux-x86_64-fedora-clang | 0.0.1 | 31.50 | OK | |||
r-devel-linux-x86_64-fedora-gcc | 0.0.1 | 30.24 | OK | |||
r-devel-macos-arm64 | 0.0.1 | 17.00 | OK | |||
r-devel-macos-x86_64 | 0.0.1 | 23.00 | OK | |||
r-devel-windows-x86_64 | 0.0.1 | 5.00 | 48.00 | 53.00 | OK | |
r-patched-linux-x86_64 | 0.0.1 | 1.94 | 17.29 | 19.23 | NOTE | |
r-release-linux-x86_64 | 0.0.1 | 1.31 | 17.13 | 18.44 | NOTE | |
r-release-macos-arm64 | 0.0.1 | 15.00 | NOTE | |||
r-release-macos-x86_64 | 0.0.1 | 21.00 | NOTE | |||
r-release-windows-x86_64 | 0.0.1 | 5.00 | 47.00 | 52.00 | NOTE | |
r-oldrel-macos-arm64 | 0.0.1 | 17.00 | NOTE | |||
r-oldrel-macos-x86_64 | 0.0.1 | 22.00 | NOTE | |||
r-oldrel-windows-x86_64 | 0.0.1 | 5.00 | 38.00 | 43.00 | NOTE |
Version: 0.0.1
Check: LazyData
Result: NOTE
'LazyData' is specified without a 'data' directory
Flavors: r-patched-linux-x86_64, r-release-linux-x86_64, r-release-macos-arm64, r-release-macos-x86_64, r-release-windows-x86_64, r-oldrel-macos-arm64, r-oldrel-macos-x86_64, r-oldrel-windows-x86_64