CRAN Package Check Results for Package pinochet

Last updated on 2025-07-12 09:49:26 CEST.

Flavor Version Tinstall Tcheck Ttotal Status Flags
r-devel-linux-x86_64-debian-clang 0.1.0 1.58 25.33 26.91 NOTE
r-devel-linux-x86_64-debian-gcc 0.1.0 1.30 21.07 22.37 NOTE
r-devel-linux-x86_64-fedora-clang 0.1.0 42.75 OK
r-devel-linux-x86_64-fedora-gcc 0.1.0 53.04 OK
r-devel-windows-x86_64 0.1.0 3.00 46.00 49.00 OK
r-patched-linux-x86_64 0.1.0 1.67 24.18 25.85 OK
r-release-linux-x86_64 0.1.0 1.60 24.58 26.18 OK
r-release-macos-arm64 0.1.0 35.00 OK
r-release-macos-x86_64 0.1.0 43.00 OK
r-release-windows-x86_64 0.1.0 4.00 48.00 52.00 OK
r-oldrel-macos-arm64 0.1.0 24.00 OK
r-oldrel-macos-x86_64 0.1.0 38.00 OK
r-oldrel-windows-x86_64 0.1.0 2.00 52.00 54.00 OK

Check Details

Version: 0.1.0
Check: CRAN incoming feasibility
Result: NOTE Maintainer: ‘Danilo Freire <danilofreire@gmail.com>’ Package CITATION file contains call(s) to old-style personList() or as.personList(). Please use c() on person objects instead. Package CITATION file contains call(s) to old-style citEntry(). Please use bibentry() instead. Flavors: r-devel-linux-x86_64-debian-clang, r-devel-linux-x86_64-debian-gcc