Last updated on 2025-02-21 09:50:55 CET.
Flavor | Version | Tinstall | Tcheck | Ttotal | Status | Flags |
---|---|---|---|---|---|---|
r-devel-linux-x86_64-debian-clang | 1.0 | 3.22 | 31.50 | 34.72 | OK | |
r-devel-linux-x86_64-debian-gcc | 1.0 | 2.53 | 24.51 | 27.04 | OK | |
r-devel-linux-x86_64-fedora-clang | 1.0 | 55.78 | OK | |||
r-devel-linux-x86_64-fedora-gcc | 1.0 | 67.36 | OK | |||
r-devel-macos-arm64 | 1.0 | 29.00 | OK | |||
r-devel-macos-x86_64 | 1.0 | 54.00 | OK | |||
r-devel-windows-x86_64 | 1.0 | 5.00 | 56.00 | 61.00 | OK | |
r-patched-linux-x86_64 | 1.0 | 2.87 | 29.89 | 32.76 | NOTE | |
r-release-linux-x86_64 | 1.0 | 3.00 | 29.55 | 32.55 | NOTE | |
r-release-macos-arm64 | 1.0 | 27.00 | NOTE | |||
r-release-macos-x86_64 | 1.0 | 40.00 | NOTE | |||
r-release-windows-x86_64 | 1.0 | 5.00 | 54.00 | 59.00 | NOTE | |
r-oldrel-macos-arm64 | 1.0 | 27.00 | NOTE | |||
r-oldrel-macos-x86_64 | 1.0 | 41.00 | NOTE | |||
r-oldrel-windows-x86_64 | 1.0 | 6.00 | 56.00 | 62.00 | NOTE |
Version: 1.0
Check: LazyData
Result: NOTE
'LazyData' is specified without a 'data' directory
Flavors: r-patched-linux-x86_64, r-release-linux-x86_64, r-release-macos-arm64, r-release-macos-x86_64, r-release-windows-x86_64, r-oldrel-macos-arm64, r-oldrel-macos-x86_64, r-oldrel-windows-x86_64