Last updated on 2025-02-21 09:50:54 CET.
Flavor | Version | Tinstall | Tcheck | Ttotal | Status | Flags |
---|---|---|---|---|---|---|
r-devel-linux-x86_64-debian-clang | 2.1.1 | 4.68 | 38.13 | 42.81 | NOTE | |
r-devel-linux-x86_64-debian-gcc | 2.1.1 | 3.72 | 28.64 | 32.36 | NOTE | |
r-devel-linux-x86_64-fedora-clang | 2.1.1 | 66.83 | OK | |||
r-devel-linux-x86_64-fedora-gcc | 2.1.1 | 69.93 | OK | |||
r-devel-macos-arm64 | 2.1.1 | 19.00 | OK | |||
r-devel-macos-x86_64 | 2.1.1 | 33.00 | OK | |||
r-devel-windows-x86_64 | 2.1.1 | 4.00 | 55.00 | 59.00 | NOTE | |
r-patched-linux-x86_64 | 2.1.1 | 5.85 | 35.93 | 41.78 | OK | |
r-release-linux-x86_64 | 2.1.1 | 4.69 | 35.73 | 40.42 | OK | |
r-release-macos-arm64 | 2.1.1 | 21.00 | OK | |||
r-release-macos-x86_64 | 2.1.1 | 35.00 | OK | |||
r-release-windows-x86_64 | 2.1.1 | 5.00 | 55.00 | 60.00 | OK | |
r-oldrel-macos-arm64 | 2.1.1 | 24.00 | OK | |||
r-oldrel-macos-x86_64 | 2.1.1 | 36.00 | OK | |||
r-oldrel-windows-x86_64 | 2.1.1 | 5.00 | 60.00 | 65.00 | OK |
Version: 2.1.1
Check: Rd cross-references
Result: NOTE
Found the following Rd file(s) with Rd \link{} targets missing package
anchors:
ordDisp.Rd: vglm, VGAM
Please provide package anchors for all Rd \link{} targets not in the
package itself and the base packages.
Flavors: r-devel-linux-x86_64-debian-clang, r-devel-linux-x86_64-debian-gcc, r-devel-windows-x86_64