Last updated on 2025-02-21 09:50:54 CET.
Flavor | Version | Tinstall | Tcheck | Ttotal | Status | Flags |
---|---|---|---|---|---|---|
r-devel-linux-x86_64-debian-clang | 0.1.1 | 3.21 | 154.55 | 157.76 | NOTE | |
r-devel-linux-x86_64-debian-gcc | 0.1.1 | 2.25 | 102.16 | 104.41 | NOTE | |
r-devel-linux-x86_64-fedora-clang | 0.1.1 | 253.44 | NOTE | |||
r-devel-linux-x86_64-fedora-gcc | 0.1.1 | 256.20 | NOTE | |||
r-devel-macos-arm64 | 0.1.1 | 63.00 | NOTE | |||
r-devel-macos-x86_64 | 0.1.1 | 152.00 | NOTE | |||
r-devel-windows-x86_64 | 0.1.1 | 5.00 | 152.00 | 157.00 | NOTE | |
r-patched-linux-x86_64 | 0.1.1 | 3.22 | 146.83 | 150.05 | NOTE | |
r-release-linux-x86_64 | 0.1.1 | 2.98 | 147.93 | 150.91 | NOTE | |
r-release-macos-arm64 | 0.1.1 | 61.00 | NOTE | |||
r-release-macos-x86_64 | 0.1.1 | 104.00 | NOTE | |||
r-release-windows-x86_64 | 0.1.1 | 4.00 | 153.00 | 157.00 | NOTE | |
r-oldrel-macos-arm64 | 0.1.1 | 64.00 | OK | |||
r-oldrel-macos-x86_64 | 0.1.1 | 119.00 | OK | |||
r-oldrel-windows-x86_64 | 0.1.1 | 5.00 | 174.00 | 179.00 | OK |
Version: 0.1.1
Check: Rd files
Result: NOTE
checkRd: (-1) onlineCPD.Rd:35: Lost braces
35 | function(x, lambda){const_hazard(x, lambda=100)}
| ^
Flavors: r-devel-linux-x86_64-debian-clang, r-devel-linux-x86_64-debian-gcc, r-devel-linux-x86_64-fedora-clang, r-devel-linux-x86_64-fedora-gcc, r-devel-macos-arm64, r-devel-macos-x86_64, r-devel-windows-x86_64, r-patched-linux-x86_64, r-release-linux-x86_64, r-release-macos-arm64, r-release-macos-x86_64, r-release-windows-x86_64