Last updated on 2025-07-04 09:49:57 CEST.
Flavor | Version | Tinstall | Tcheck | Ttotal | Status | Flags |
---|---|---|---|---|---|---|
r-devel-linux-x86_64-debian-clang | 1.1.2 | 8.78 | 116.79 | 125.57 | NOTE | |
r-devel-linux-x86_64-debian-gcc | 1.1.2 | 6.09 | 83.87 | 89.96 | NOTE | |
r-devel-linux-x86_64-fedora-clang | 1.1.2 | 204.79 | OK | |||
r-devel-linux-x86_64-fedora-gcc | 1.1.2 | 195.76 | OK | |||
r-devel-windows-x86_64 | 1.1.2 | 11.00 | 122.00 | 133.00 | NOTE | |
r-patched-linux-x86_64 | 1.1.2 | 10.16 | 107.07 | 117.23 | NOTE | |
r-release-linux-x86_64 | 1.1.2 | 8.54 | 107.35 | 115.89 | NOTE | |
r-release-macos-arm64 | 1.1.2 | 48.00 | OK | |||
r-release-macos-x86_64 | 1.1.2 | 98.00 | OK | |||
r-release-windows-x86_64 | 1.1.2 | 12.00 | 126.00 | 138.00 | NOTE | |
r-oldrel-macos-arm64 | 1.1.2 | 46.00 | OK | |||
r-oldrel-macos-x86_64 | 1.1.2 | 109.00 | OK | |||
r-oldrel-windows-x86_64 | 1.1.2 | 15.00 | 150.00 | 165.00 | OK |
Version: 1.1.2
Check: Rd cross-references
Result: NOTE
Found the following Rd file(s) with Rd \link{} targets missing package
anchors:
autoplot.ts.Rd: geom_forecast, fortify
Please provide package anchors for all Rd \link{} targets not in the
package itself and the base packages.
Flavors: r-devel-linux-x86_64-debian-clang, r-devel-linux-x86_64-debian-gcc, r-devel-windows-x86_64, r-patched-linux-x86_64, r-release-linux-x86_64, r-release-windows-x86_64