Last updated on 2025-02-21 09:50:53 CET.
Flavor | Version | Tinstall | Tcheck | Ttotal | Status | Flags |
---|---|---|---|---|---|---|
r-devel-linux-x86_64-debian-clang | 0.9.0 | 4.25 | 30.07 | 34.32 | NOTE | |
r-devel-linux-x86_64-debian-gcc | 0.9.0 | 3.52 | 22.89 | 26.41 | NOTE | |
r-devel-linux-x86_64-fedora-clang | 0.9.0 | 55.85 | OK | |||
r-devel-linux-x86_64-fedora-gcc | 0.9.0 | 67.13 | OK | |||
r-devel-macos-arm64 | 0.9.0 | 33.00 | OK | |||
r-devel-macos-x86_64 | 0.9.0 | 58.00 | OK | |||
r-devel-windows-x86_64 | 0.9.0 | 6.00 | 65.00 | 71.00 | NOTE | |
r-patched-linux-x86_64 | 0.9.0 | 7.34 | 28.64 | 35.98 | OK | |
r-release-linux-x86_64 | 0.9.0 | 5.26 | 28.69 | 33.95 | OK | |
r-release-macos-arm64 | 0.9.0 | 32.00 | OK | |||
r-release-macos-x86_64 | 0.9.0 | 44.00 | OK | |||
r-release-windows-x86_64 | 0.9.0 | 7.00 | 61.00 | 68.00 | OK | |
r-oldrel-macos-arm64 | 0.9.0 | 32.00 | OK | |||
r-oldrel-macos-x86_64 | 0.9.0 | 42.00 | OK | |||
r-oldrel-windows-x86_64 | 0.9.0 | 8.00 | 122.00 | 130.00 | OK |
Version: 0.9.0
Check: Rd cross-references
Result: NOTE
Found the following Rd file(s) with Rd \link{} targets missing package
anchors:
bucketlist.Rd: bucket_list_df
get_hcp_file.Rd: VERB
Please provide package anchors for all Rd \link{} targets not in the
package itself and the base packages.
Flavors: r-devel-linux-x86_64-debian-clang, r-devel-linux-x86_64-debian-gcc, r-devel-windows-x86_64