Last updated on 2025-02-21 09:50:53 CET.
Flavor | Version | Tinstall | Tcheck | Ttotal | Status | Flags |
---|---|---|---|---|---|---|
r-devel-linux-x86_64-debian-clang | 0.5.1 | 7.62 | 57.76 | 65.38 | NOTE | |
r-devel-linux-x86_64-debian-gcc | 0.5.1 | 5.11 | 41.29 | 46.40 | NOTE | |
r-devel-linux-x86_64-fedora-clang | 0.5.1 | 115.58 | NOTE | |||
r-devel-linux-x86_64-fedora-gcc | 0.5.1 | 109.30 | NOTE | |||
r-devel-macos-arm64 | 0.5.1 | 38.00 | OK | |||
r-devel-macos-x86_64 | 0.5.1 | 62.00 | NOTE | |||
r-devel-windows-x86_64 | 0.5.1 | 7.00 | 75.00 | 82.00 | NOTE | |
r-patched-linux-x86_64 | 0.5.1 | 5.83 | 53.54 | 59.37 | OK | |
r-release-linux-x86_64 | 0.5.1 | 6.68 | 53.36 | 60.04 | OK | |
r-release-macos-arm64 | 0.5.1 | 34.00 | OK | |||
r-release-macos-x86_64 | 0.5.1 | 47.00 | OK | |||
r-release-windows-x86_64 | 0.5.1 | 10.00 | 73.00 | 83.00 | OK | |
r-oldrel-macos-arm64 | 0.5.1 | 41.00 | NOTE | |||
r-oldrel-macos-x86_64 | 0.5.1 | 87.00 | NOTE | |||
r-oldrel-windows-x86_64 | 0.5.1 | 11.00 | 85.00 | 96.00 | OK |
Version: 0.5.1
Check: DESCRIPTION meta-information
Result: NOTE
Missing dependency on R >= 4.1.0 because package code uses the pipe
|> or function shorthand \(...) syntax added in R 4.1.0.
File(s) using such syntax:
‘neon_cloud.R’
Flavors: r-devel-linux-x86_64-debian-clang, r-devel-linux-x86_64-debian-gcc, r-devel-linux-x86_64-fedora-clang, r-devel-linux-x86_64-fedora-gcc, r-devel-macos-x86_64, r-devel-windows-x86_64
Version: 0.5.1
Check: package dependencies
Result: NOTE
Package suggested but not available for checking: ‘rhdf5’
Flavors: r-oldrel-macos-arm64, r-oldrel-macos-x86_64