Last updated on 2025-02-21 09:50:53 CET.
Flavor | Version | Tinstall | Tcheck | Ttotal | Status | Flags |
---|---|---|---|---|---|---|
r-devel-linux-x86_64-debian-clang | 1.3.1 | 37.21 | 254.91 | 292.12 | OK | |
r-devel-linux-x86_64-debian-gcc | 1.3.1 | 27.10 | 184.91 | 212.01 | OK | |
r-devel-linux-x86_64-fedora-clang | 1.3.1 | 456.73 | OK | |||
r-devel-linux-x86_64-fedora-gcc | 1.3.1 | 444.62 | OK | |||
r-devel-macos-arm64 | 1.3.1 | 110.00 | OK | |||
r-devel-macos-x86_64 | 1.3.1 | 261.00 | OK | |||
r-devel-windows-x86_64 | 1.3.1 | 31.00 | 235.00 | 266.00 | OK | |
r-patched-linux-x86_64 | 1.3.1 | 36.73 | 241.40 | 278.13 | NOTE | |
r-release-linux-x86_64 | 1.3.1 | 37.37 | 240.84 | 278.21 | NOTE | |
r-release-macos-arm64 | 1.3.1 | 114.00 | NOTE | |||
r-release-macos-x86_64 | 1.3.1 | 170.00 | NOTE | |||
r-release-windows-x86_64 | 1.3.1 | 30.00 | 232.00 | 262.00 | NOTE | |
r-oldrel-macos-arm64 | 1.3.1 | 117.00 | NOTE | |||
r-oldrel-macos-x86_64 | 1.3.1 | 179.00 | NOTE | |||
r-oldrel-windows-x86_64 | 1.3.1 | 40.00 | 286.00 | 326.00 | NOTE |
Version: 1.3.1
Check: package dependencies
Result: NOTE
Package suggested but not available for checking: ‘cmdstanr’
Flavors: r-patched-linux-x86_64, r-release-linux-x86_64, r-release-macos-arm64, r-release-macos-x86_64, r-release-windows-x86_64, r-oldrel-macos-arm64, r-oldrel-macos-x86_64, r-oldrel-windows-x86_64
Version: 1.3.1
Check: installed package size
Result: NOTE
installed size is 7.9Mb
sub-directories of 1Mb or more:
doc 6.4Mb
Flavors: r-release-macos-arm64, r-release-macos-x86_64, r-release-windows-x86_64, r-oldrel-macos-arm64, r-oldrel-macos-x86_64, r-oldrel-windows-x86_64