Last updated on 2025-02-21 09:50:52 CET.
Flavor | Version | Tinstall | Tcheck | Ttotal | Status | Flags |
---|---|---|---|---|---|---|
r-devel-linux-x86_64-debian-clang | 0.4.0 | 5.77 | 41.79 | 47.56 | NOTE | |
r-devel-linux-x86_64-debian-gcc | 0.4.0 | 4.10 | 29.67 | 33.77 | NOTE | |
r-devel-linux-x86_64-fedora-clang | 0.4.0 | 74.40 | OK | |||
r-devel-linux-x86_64-fedora-gcc | 0.4.0 | 68.81 | OK | |||
r-devel-macos-arm64 | 0.4.0 | 28.00 | OK | |||
r-devel-macos-x86_64 | 0.4.0 | 47.00 | OK | |||
r-devel-windows-x86_64 | 0.4.0 | 7.00 | 66.00 | 73.00 | NOTE | |
r-patched-linux-x86_64 | 0.4.0 | 9.78 | 38.05 | 47.83 | OK | |
r-release-linux-x86_64 | 0.4.0 | 4.75 | 38.59 | 43.34 | OK | |
r-release-macos-arm64 | 0.4.0 | 25.00 | OK | |||
r-release-macos-x86_64 | 0.4.0 | 40.00 | OK | |||
r-release-windows-x86_64 | 0.4.0 | 8.00 | 63.00 | 71.00 | OK | |
r-oldrel-macos-arm64 | 0.4.0 | 28.00 | OK | |||
r-oldrel-macos-x86_64 | 0.4.0 | 33.00 | OK | |||
r-oldrel-windows-x86_64 | 0.4.0 | 8.00 | 76.00 | 84.00 | OK |
Version: 0.4.0
Check: Rd cross-references
Result: NOTE
Found the following Rd file(s) with Rd \link{} targets missing package
anchors:
chart_labels_text.Rd: fp_text
ph_with.ms_chart.Rd: read_pptx
set_theme.Rd: fp_text, fp_border
Please provide package anchors for all Rd \link{} targets not in the
package itself and the base packages.
Flavors: r-devel-linux-x86_64-debian-clang, r-devel-linux-x86_64-debian-gcc, r-devel-windows-x86_64