Last updated on 2025-07-11 09:50:11 CEST.
Flavor | Version | Tinstall | Tcheck | Ttotal | Status | Flags |
---|---|---|---|---|---|---|
r-devel-linux-x86_64-debian-clang | 2.0.3 | 45.27 | 28.94 | 74.21 | NOTE | |
r-devel-linux-x86_64-debian-gcc | 2.0.3 | 37.75 | 26.57 | 64.32 | NOTE | |
r-devel-linux-x86_64-fedora-clang | 2.0.3 | 127.46 | NOTE | |||
r-devel-linux-x86_64-fedora-gcc | 2.0.3 | 136.93 | NOTE | |||
r-devel-windows-x86_64 | 2.0.3 | 53.00 | 76.00 | 129.00 | NOTE | |
r-patched-linux-x86_64 | 2.0.3 | 49.51 | 31.19 | 80.70 | NOTE | |
r-release-linux-x86_64 | 2.0.3 | 48.31 | 31.57 | 79.88 | NOTE | |
r-release-macos-arm64 | 2.0.3 | 39.00 | NOTE | |||
r-release-macos-x86_64 | 2.0.3 | 71.00 | NOTE | |||
r-release-windows-x86_64 | 2.0.3 | 54.00 | 78.00 | 132.00 | NOTE | |
r-oldrel-macos-arm64 | 2.0.3 | 36.00 | NOTE | |||
r-oldrel-macos-x86_64 | 2.0.3 | 52.00 | NOTE | |||
r-oldrel-windows-x86_64 | 2.0.3 | 67.00 | 85.00 | 152.00 | NOTE |
Version: 2.0.3
Check: CRAN incoming feasibility
Result: NOTE
Maintainer: ‘Felix Held <felix.held@gmail.com>’
The Description field contains
<arXiv:1911.04927>.
Please refer to arXiv e-prints via their arXiv DOI <doi:10.48550/arXiv.YYMM.NNNNN>.
Flavors: r-devel-linux-x86_64-debian-clang, r-devel-linux-x86_64-debian-gcc
Version: 2.0.3
Check: C++ specification
Result: NOTE
Specified C++14: please drop specification unless essential
Flavors: r-devel-linux-x86_64-debian-clang, r-devel-linux-x86_64-debian-gcc, r-devel-linux-x86_64-fedora-clang, r-devel-linux-x86_64-fedora-gcc, r-devel-windows-x86_64, r-patched-linux-x86_64, r-release-linux-x86_64, r-release-macos-arm64, r-release-macos-x86_64, r-release-windows-x86_64, r-oldrel-macos-arm64, r-oldrel-macos-x86_64, r-oldrel-windows-x86_64
Version: 2.0.3
Check: installed package size
Result: NOTE
installed size is 29.9Mb
sub-directories of 1Mb or more:
libs 29.8Mb
Flavors: r-oldrel-macos-arm64, r-oldrel-macos-x86_64