Last updated on 2025-02-21 09:50:52 CET.
Flavor | Version | Tinstall | Tcheck | Ttotal | Status | Flags |
---|---|---|---|---|---|---|
r-devel-linux-x86_64-debian-clang | 1.2.0 | 21.74 | 43.32 | 65.06 | NOTE | |
r-devel-linux-x86_64-debian-gcc | 1.2.0 | 14.50 | 32.38 | 46.88 | NOTE | |
r-devel-linux-x86_64-fedora-clang | 1.2.0 | 113.05 | OK | |||
r-devel-linux-x86_64-fedora-gcc | 1.2.0 | 119.46 | OK | |||
r-devel-macos-arm64 | 1.2.0 | 41.00 | OK | |||
r-devel-macos-x86_64 | 1.2.0 | 85.00 | OK | |||
r-devel-windows-x86_64 | 1.2.0 | 24.00 | 97.00 | 121.00 | NOTE | |
r-patched-linux-x86_64 | 1.2.0 | 23.47 | 40.71 | 64.18 | OK | |
r-release-linux-x86_64 | 1.2.0 | 20.48 | 42.93 | 63.41 | OK | |
r-release-macos-arm64 | 1.2.0 | 38.00 | NOTE | |||
r-release-macos-x86_64 | 1.2.0 | 59.00 | NOTE | |||
r-release-windows-x86_64 | 1.2.0 | 25.00 | 83.00 | 108.00 | OK | |
r-oldrel-macos-arm64 | 1.2.0 | 39.00 | NOTE | |||
r-oldrel-macos-x86_64 | 1.2.0 | 62.00 | NOTE | |||
r-oldrel-windows-x86_64 | 1.2.0 | 30.00 | 94.00 | 124.00 | OK |
Version: 1.2.0
Check: Rd cross-references
Result: NOTE
Found the following Rd file(s) with Rd \link{} targets missing package
anchors:
cv.missoNet.Rd: glasso
missoNet.Rd: glasso
Please provide package anchors for all Rd \link{} targets not in the
package itself and the base packages.
Flavors: r-devel-linux-x86_64-debian-clang, r-devel-linux-x86_64-debian-gcc, r-devel-windows-x86_64
Version: 1.2.0
Check: installed package size
Result: NOTE
installed size is 5.4Mb
sub-directories of 1Mb or more:
doc 2.4Mb
extdata 1.2Mb
libs 1.6Mb
Flavors: r-release-macos-arm64, r-release-macos-x86_64, r-oldrel-macos-arm64, r-oldrel-macos-x86_64