Last updated on 2025-07-12 09:49:23 CEST.
Flavor | Version | Tinstall | Tcheck | Ttotal | Status | Flags |
---|---|---|---|---|---|---|
r-devel-linux-x86_64-debian-clang | 1.2.0 | 12.57 | 119.66 | 132.23 | NOTE | |
r-devel-linux-x86_64-debian-gcc | 1.2.0 | 8.21 | 85.62 | 93.83 | NOTE | |
r-devel-linux-x86_64-fedora-clang | 1.2.0 | 204.13 | OK | |||
r-devel-linux-x86_64-fedora-gcc | 1.2.0 | 201.68 | OK | |||
r-devel-windows-x86_64 | 1.2.0 | 13.00 | 115.00 | 128.00 | NOTE | |
r-patched-linux-x86_64 | 1.2.0 | 11.51 | 111.01 | 122.52 | NOTE | |
r-release-linux-x86_64 | 1.2.0 | 11.28 | 111.74 | 123.02 | NOTE | |
r-release-macos-arm64 | 1.2.0 | 56.00 | OK | |||
r-release-macos-x86_64 | 1.2.0 | 119.00 | OK | |||
r-release-windows-x86_64 | 1.2.0 | 15.00 | 116.00 | 131.00 | NOTE | |
r-oldrel-macos-arm64 | 1.2.0 | 57.00 | OK | |||
r-oldrel-macos-x86_64 | 1.2.0 | 81.00 | OK | |||
r-oldrel-windows-x86_64 | 1.2.0 | 18.00 | 154.00 | 172.00 | OK |
Version: 1.2.0
Check: Rd cross-references
Result: NOTE
Found the following Rd file(s) with Rd \link{} targets missing package
anchors:
forest.metarep.Rd: forest.meta
Please provide package anchors for all Rd \link{} targets not in the
package itself and the base packages.
Flavors: r-devel-linux-x86_64-debian-clang, r-devel-linux-x86_64-debian-gcc, r-devel-windows-x86_64, r-patched-linux-x86_64, r-release-linux-x86_64, r-release-windows-x86_64