Last updated on 2025-02-20 09:50:55 CET.
Flavor | Version | Tinstall | Tcheck | Ttotal | Status | Flags |
---|---|---|---|---|---|---|
r-devel-linux-x86_64-debian-clang | 1.5-0 | 85.71 | 48.91 | 134.62 | NOTE | |
r-devel-linux-x86_64-debian-gcc | 1.5-0 | 59.62 | 36.88 | 96.50 | NOTE | |
r-devel-linux-x86_64-fedora-clang | 1.5-0 | 257.56 | NOTE | |||
r-devel-linux-x86_64-fedora-gcc | 1.5-0 | 280.16 | NOTE | |||
r-devel-macos-arm64 | 1.5-0 | 67.00 | NOTE | |||
r-devel-macos-x86_64 | 1.5-0 | 85.00 | NOTE | |||
r-devel-windows-x86_64 | 1.5-0 | 91.00 | 96.00 | 187.00 | NOTE | |
r-patched-linux-x86_64 | 1.5-0 | 83.19 | 45.69 | 128.88 | NOTE | |
r-release-linux-x86_64 | 1.5-0 | 83.63 | 44.86 | 128.49 | NOTE | |
r-release-macos-arm64 | 1.5-0 | 62.00 | NOTE | |||
r-release-macos-x86_64 | 1.5-0 | 109.00 | NOTE | |||
r-release-windows-x86_64 | 1.5-0 | 90.00 | 97.00 | 187.00 | NOTE | |
r-oldrel-macos-arm64 | 1.5-0 | 76.00 | NOTE | |||
r-oldrel-macos-x86_64 | 1.5-0 | 122.00 | NOTE | |||
r-oldrel-windows-x86_64 | 1.5-0 | 113.00 | 107.00 | 220.00 | NOTE |
Version: 1.5-0
Check: C++ specification
Result: NOTE
Specified C++11: please drop specification unless essential
Flavors: r-devel-linux-x86_64-debian-clang, r-devel-linux-x86_64-debian-gcc, r-devel-linux-x86_64-fedora-clang, r-devel-linux-x86_64-fedora-gcc, r-devel-macos-arm64, r-devel-macos-x86_64, r-devel-windows-x86_64, r-patched-linux-x86_64, r-release-linux-x86_64, r-release-macos-arm64, r-release-macos-x86_64, r-release-windows-x86_64, r-oldrel-macos-arm64, r-oldrel-macos-x86_64, r-oldrel-windows-x86_64
Version: 1.5-0
Check: Rd files
Result: NOTE
checkRd: (-1) ess.Rd:14: Lost braces
14 | \code{g} should take a vector input only. Ifcode{g} is \code{NULL}, \code{g} is set to be identity, which is estimation
| ^
Flavors: r-devel-linux-x86_64-debian-clang, r-devel-linux-x86_64-debian-gcc, r-devel-linux-x86_64-fedora-clang, r-devel-linux-x86_64-fedora-gcc, r-devel-macos-arm64, r-devel-macos-x86_64, r-devel-windows-x86_64, r-patched-linux-x86_64, r-release-linux-x86_64, r-release-macos-arm64, r-release-macos-x86_64, r-release-windows-x86_64