Last updated on 2025-10-17 09:50:03 CEST.
Flavor | Version | Tinstall | Tcheck | Ttotal | Status | Flags |
---|---|---|---|---|---|---|
r-devel-linux-x86_64-debian-clang | 0.1.1 | 15.49 | 195.26 | 210.75 | OK | |
r-devel-linux-x86_64-debian-gcc | 0.2.0 | 11.45 | 101.10 | 112.55 | OK | |
r-devel-linux-x86_64-fedora-clang | 0.2.0 | 259.00 | OK | |||
r-devel-linux-x86_64-fedora-gcc | 0.2.0 | 266.79 | OK | |||
r-devel-windows-x86_64 | 0.1.1 | 16.00 | 121.00 | 137.00 | ERROR | |
r-patched-linux-x86_64 | 0.2.0 | 15.04 | 132.80 | 147.84 | OK | |
r-release-linux-x86_64 | 0.1.1 | 11.91 | 183.71 | 195.62 | OK | |
r-release-macos-arm64 | 0.2.0 | 72.00 | OK | |||
r-release-macos-x86_64 | 0.2.0 | 132.00 | OK | |||
r-release-windows-x86_64 | 0.2.0 | 17.00 | 146.00 | 163.00 | OK | |
r-oldrel-macos-arm64 | 0.1.1 | 86.00 | OK | |||
r-oldrel-macos-x86_64 | 0.1.1 | 161.00 | OK | |||
r-oldrel-windows-x86_64 | 0.1.1 | 21.00 | 222.00 | 243.00 | OK |
Version: 0.1.1
Check: re-building of vignette outputs
Result: ERROR
Error(s) in re-building vignettes:
--- re-building 'intro.Rmd' using rmarkdown
Quitting from intro.Rmd:135-138 [unnamed-chunk-9]
~~~~~~~~~~~~~~~~~~~~~~~~~~~~~~~~~~~~~~~~~~~~~~~~~~~~~~~~~~~~~~~~~~~~~~~~~~~~~~~~
<error/rlang_error>
Error in `aggregate_quantile()`:
! unused arguments (by = ~patientID, probs = seq.int(from = 0.01, to = 0.99, by = 0.01))
~~~~~~~~~~~~~~~~~~~~~~~~~~~~~~~~~~~~~~~~~~~~~~~~~~~~~~~~~~~~~~~~~~~~~~~~~~~~~~~~
Error: processing vignette 'intro.Rmd' failed with diagnostics:
unused arguments (by = ~patientID, probs = seq.int(from = 0.01, to = 0.99, by = 0.01))
--- failed re-building 'intro.Rmd'
SUMMARY: processing the following file failed:
'intro.Rmd'
Error: Vignette re-building failed.
Execution halted
Flavor: r-devel-windows-x86_64