Last updated on 2025-07-12 09:49:23 CEST.
Flavor | Version | Tinstall | Tcheck | Ttotal | Status | Flags |
---|---|---|---|---|---|---|
r-devel-linux-x86_64-debian-clang | 0.6.0 | 24.49 | 27.34 | 51.83 | OK | |
r-devel-linux-x86_64-debian-gcc | 0.6.0 | 20.24 | 21.47 | 41.71 | OK | |
r-devel-linux-x86_64-fedora-clang | 0.6.0 | 84.80 | OK | |||
r-devel-linux-x86_64-fedora-gcc | 0.6.0 | 91.97 | OK | |||
r-devel-windows-x86_64 | 0.6.0 | 28.00 | 68.00 | 96.00 | OK | |
r-patched-linux-x86_64 | 0.6.0 | 28.80 | 26.14 | 54.94 | OK | |
r-release-linux-x86_64 | 0.6.0 | 26.78 | 25.40 | 52.18 | OK | |
r-release-macos-arm64 | 0.6.0 | 30.00 | OK | |||
r-release-macos-x86_64 | 0.6.0 | 48.00 | OK | |||
r-release-windows-x86_64 | 0.6.0 | 29.00 | 79.00 | 108.00 | OK | |
r-oldrel-macos-arm64 | 0.6.0 | 32.00 | NOTE | |||
r-oldrel-macos-x86_64 | 0.6.0 | 49.00 | NOTE | |||
r-oldrel-windows-x86_64 | 0.6.0 | 29.00 | 82.00 | 111.00 | NOTE |
Version: 0.6.0
Check: installed package size
Result: NOTE
installed size is 6.1Mb
sub-directories of 1Mb or more:
libs 6.0Mb
Flavors: r-oldrel-macos-arm64, r-oldrel-macos-x86_64
Version: 0.6.0
Check: for GNU extensions in Makefiles
Result: NOTE
GNU make is a SystemRequirements.
Flavors: r-oldrel-macos-arm64, r-oldrel-macos-x86_64, r-oldrel-windows-x86_64