Last updated on 2025-02-21 09:50:48 CET.
Flavor | Version | Tinstall | Tcheck | Ttotal | Status | Flags |
---|---|---|---|---|---|---|
r-devel-linux-x86_64-debian-clang | 1.2.4 | 226.58 | 112.96 | 339.54 | OK | |
r-devel-linux-x86_64-debian-gcc | 1.2.4 | 172.14 | 80.77 | 252.91 | OK | |
r-devel-linux-x86_64-fedora-clang | 1.2.4 | 655.04 | OK | |||
r-devel-linux-x86_64-fedora-gcc | 1.2.4 | 680.63 | OK | |||
r-devel-macos-arm64 | 1.2.4 | 139.00 | OK | |||
r-devel-macos-x86_64 | 1.2.4 | 220.00 | OK | |||
r-devel-windows-x86_64 | 1.2.4 | 236.00 | 173.00 | 409.00 | OK | |
r-patched-linux-x86_64 | 1.2.4 | 244.72 | 105.61 | 350.33 | OK | |
r-release-linux-x86_64 | 1.2.4 | 248.96 | 104.60 | 353.56 | OK | |
r-release-macos-arm64 | 1.2.4 | 159.00 | NOTE | |||
r-release-macos-x86_64 | 1.2.4 | 269.00 | NOTE | |||
r-release-windows-x86_64 | 1.2.4 | 244.00 | 172.00 | 416.00 | OK | |
r-oldrel-macos-arm64 | 1.2.4 | 1252.00 | NOTE | |||
r-oldrel-macos-x86_64 | 1.2.4 | 211.00 | NOTE | |||
r-oldrel-windows-x86_64 | 1.2.4 | 288.00 | 182.00 | 470.00 | OK |
Version: 1.2.4
Check: installed package size
Result: NOTE
installed size is 24.2Mb
sub-directories of 1Mb or more:
libs 22.8Mb
Flavors: r-release-macos-arm64, r-release-macos-x86_64, r-oldrel-macos-arm64, r-oldrel-macos-x86_64