CRAN Package Check Results for Package inca

Last updated on 2025-07-12 09:49:21 CEST.

Flavor Version Tinstall Tcheck Ttotal Status Flags
r-devel-linux-x86_64-debian-clang 0.1.0 37.38 54.45 91.83 OK
r-devel-linux-x86_64-debian-gcc 0.1.0 30.66 41.41 72.07 OK
r-devel-linux-x86_64-fedora-clang 0.1.0 151.90 OK
r-devel-linux-x86_64-fedora-gcc 0.1.0 152.14 OK
r-devel-windows-x86_64 0.1.0 39.00 84.00 123.00 OK
r-patched-linux-x86_64 0.1.0 39.77 51.03 90.80 OK
r-release-linux-x86_64 0.1.0 41.43 50.81 92.24 OK
r-release-macos-arm64 0.1.0 47.00 OK
r-release-macos-x86_64 0.1.0 95.00 OK
r-release-windows-x86_64 0.1.0 41.00 82.00 123.00 OK
r-oldrel-macos-arm64 0.1.0 50.00 NOTE
r-oldrel-macos-x86_64 0.1.0 123.00 NOTE
r-oldrel-windows-x86_64 0.1.0 52.00 102.00 154.00 OK

Check Details

Version: 0.1.0
Check: installed package size
Result: NOTE installed size is 6.5Mb sub-directories of 1Mb or more: libs 6.1Mb Flavors: r-oldrel-macos-arm64, r-oldrel-macos-x86_64