Last updated on 2025-02-21 09:50:46 CET.
Flavor | Version | Tinstall | Tcheck | Ttotal | Status | Flags |
---|---|---|---|---|---|---|
r-devel-linux-x86_64-debian-clang | 0.1.0 | 16.06 | 135.73 | 151.79 | OK | |
r-devel-linux-x86_64-debian-gcc | 0.1.0 | 11.75 | 86.81 | 98.56 | OK | |
r-devel-linux-x86_64-fedora-clang | 0.1.0 | 267.00 | OK | |||
r-devel-linux-x86_64-fedora-gcc | 0.1.0 | 235.18 | OK | |||
r-devel-macos-arm64 | 0.1.0 | 66.00 | OK | |||
r-devel-macos-x86_64 | 0.1.0 | 142.00 | OK | |||
r-devel-windows-x86_64 | 0.1.0 | 16.00 | 144.00 | 160.00 | OK | |
r-patched-linux-x86_64 | 0.1.0 | 17.08 | 128.00 | 145.08 | NOTE | |
r-release-linux-x86_64 | 0.1.0 | 14.21 | 128.80 | 143.01 | NOTE | |
r-release-macos-arm64 | 0.1.0 | 70.00 | NOTE | |||
r-release-macos-x86_64 | 0.1.0 | 117.00 | NOTE | |||
r-release-windows-x86_64 | 0.1.0 | 18.00 | 143.00 | 161.00 | NOTE | |
r-oldrel-macos-arm64 | 0.1.0 | 72.00 | NOTE | |||
r-oldrel-macos-x86_64 | 0.1.0 | 117.00 | NOTE | |||
r-oldrel-windows-x86_64 | 0.1.0 | 23.00 | 170.00 | 193.00 | NOTE |
Version: 0.1.0
Check: LazyData
Result: NOTE
'LazyData' is specified without a 'data' directory
Flavors: r-patched-linux-x86_64, r-release-linux-x86_64, r-release-macos-arm64, r-release-macos-x86_64, r-release-windows-x86_64, r-oldrel-macos-arm64, r-oldrel-macos-x86_64, r-oldrel-windows-x86_64
Version: 0.1.0
Check: installed package size
Result: NOTE
installed size is 5.3Mb
sub-directories of 1Mb or more:
extdata 4.8Mb
Flavors: r-release-macos-arm64, r-release-macos-x86_64, r-release-windows-x86_64, r-oldrel-macos-arm64, r-oldrel-macos-x86_64, r-oldrel-windows-x86_64