CRAN Package Check Results for Package hierarchicalSets

Last updated on 2025-07-03 09:50:43 CEST.

Flavor Version Tinstall Tcheck Ttotal Status Flags
r-devel-linux-x86_64-debian-clang 1.0.4 28.97 97.06 126.03 NOTE
r-devel-linux-x86_64-debian-gcc 1.0.4 21.03 71.11 92.14 NOTE
r-devel-linux-x86_64-fedora-clang 1.0.4 189.45 OK
r-devel-linux-x86_64-fedora-gcc 1.0.4 186.12 OK
r-devel-windows-x86_64 1.0.4 35.00 112.00 147.00 OK
r-patched-linux-x86_64 1.0.4 30.30 88.51 118.81 OK
r-release-linux-x86_64 1.0.4 32.26 88.64 120.90 OK
r-release-macos-arm64 1.0.4 56.00 OK
r-release-macos-x86_64 1.0.4 101.00 OK
r-release-windows-x86_64 1.0.4 35.00 118.00 153.00 OK
r-oldrel-macos-arm64 1.0.4 53.00 OK
r-oldrel-macos-x86_64 1.0.4 78.00 OK
r-oldrel-windows-x86_64 1.0.4 42.00 145.00 187.00 OK

Check Details

Version: 1.0.4
Check: CRAN incoming feasibility
Result: NOTE Maintainer: ‘Thomas Lin Pedersen <thomasp85@gmail.com>’ No Authors@R field in DESCRIPTION. Please add one, modifying Authors@R: person(given = c("Thomas", "Lin"), family = "Pedersen", role = c("aut", "cre"), email = "thomasp85@gmail.com") as necessary. Flavors: r-devel-linux-x86_64-debian-clang, r-devel-linux-x86_64-debian-gcc