Last updated on 2025-02-17 09:49:42 CET.
Flavor | Version | Tinstall | Tcheck | Ttotal | Status | Flags |
---|---|---|---|---|---|---|
r-devel-linux-x86_64-debian-clang | 1.2-3 | 6.73 | 51.33 | 58.06 | NOTE | |
r-devel-linux-x86_64-debian-gcc | 1.2-3 | 5.62 | 38.92 | 44.54 | NOTE | |
r-devel-linux-x86_64-fedora-clang | 1.2-3 | 91.85 | NOTE | |||
r-devel-linux-x86_64-fedora-gcc | 1.2-3 | 86.90 | NOTE | |||
r-devel-macos-arm64 | 1.2-3 | 32.00 | NOTE | |||
r-devel-macos-x86_64 | 1.2-3 | 53.00 | NOTE | |||
r-devel-windows-x86_64 | 1.2-3 | 10.00 | 67.00 | 77.00 | NOTE | |
r-patched-linux-x86_64 | 1.2-3 | 6.00 | 48.52 | 54.52 | NOTE | |
r-release-linux-x86_64 | 1.2-3 | 5.80 | 48.98 | 54.78 | NOTE | |
r-release-macos-arm64 | 1.2-3 | 31.00 | NOTE | |||
r-release-macos-x86_64 | 1.2-3 | 44.00 | NOTE | |||
r-release-windows-x86_64 | 1.2-3 | 10.00 | 75.00 | 85.00 | NOTE | |
r-oldrel-macos-arm64 | 1.2-3 | 33.00 | OK | |||
r-oldrel-macos-x86_64 | 1.2-3 | 54.00 | OK | |||
r-oldrel-windows-x86_64 | 1.2-3 | 12.00 | 88.00 | 100.00 | OK |
Version: 1.2-3
Check: Rd files
Result: NOTE
checkRd: (-1) gte.Rd:98: Lost braces; missing escapes or markup?
98 | \code{left} and {right} for illustrative purpose), one would need a third variable (\code{status}) taking the value 0
| ^
Flavors: r-devel-linux-x86_64-debian-clang, r-devel-linux-x86_64-debian-gcc, r-devel-linux-x86_64-fedora-clang, r-devel-linux-x86_64-fedora-gcc, r-devel-macos-arm64, r-devel-macos-x86_64, r-devel-windows-x86_64, r-patched-linux-x86_64, r-release-linux-x86_64, r-release-macos-arm64, r-release-macos-x86_64, r-release-windows-x86_64
Version: 1.2-3
Check: Rd cross-references
Result: NOTE
Found the following Rd file(s) with Rd \link{} targets missing package
anchors:
gte.Rd: Surv
Please provide package anchors for all Rd \link{} targets not in the
package itself and the base packages.
Flavors: r-devel-linux-x86_64-debian-clang, r-devel-linux-x86_64-debian-gcc, r-devel-windows-x86_64