Last updated on 2025-02-21 09:50:45 CET.
Flavor | Version | Tinstall | Tcheck | Ttotal | Status | Flags |
---|---|---|---|---|---|---|
r-devel-linux-x86_64-debian-clang | 0.4.5 | 61.65 | 105.69 | 167.34 | OK | |
r-devel-linux-x86_64-debian-gcc | 0.4.5 | 47.68 | 74.41 | 122.09 | OK | |
r-devel-linux-x86_64-fedora-clang | 0.4.5 | 285.54 | OK | |||
r-devel-linux-x86_64-fedora-gcc | 0.4.5 | 285.94 | OK | |||
r-devel-macos-arm64 | 0.4.5 | 73.00 | OK | |||
r-devel-macos-x86_64 | 0.4.5 | 144.00 | OK | |||
r-devel-windows-x86_64 | 0.4.5 | 67.00 | 136.00 | 203.00 | OK | |
r-patched-linux-x86_64 | 0.4.5 | 62.79 | 101.81 | 164.60 | OK | |
r-release-linux-x86_64 | 0.4.5 | 65.02 | 99.87 | 164.89 | OK | |
r-release-macos-arm64 | 0.4.5 | 74.00 | NOTE | |||
r-release-macos-x86_64 | 0.4.5 | 131.00 | NOTE | |||
r-release-windows-x86_64 | 0.4.5 | 68.00 | 144.00 | 212.00 | OK | |
r-oldrel-macos-arm64 | 0.4.5 | 79.00 | NOTE | |||
r-oldrel-macos-x86_64 | 0.4.5 | 132.00 | NOTE | |||
r-oldrel-windows-x86_64 | 0.4.5 | 80.00 | 167.00 | 247.00 | OK |
Version: 0.4.5
Check: installed package size
Result: NOTE
installed size is 7.4Mb
sub-directories of 1Mb or more:
libs 6.9Mb
Flavors: r-release-macos-arm64, r-release-macos-x86_64, r-oldrel-macos-arm64, r-oldrel-macos-x86_64