Last updated on 2025-02-17 09:49:42 CET.
Flavor | Version | Tinstall | Tcheck | Ttotal | Status | Flags |
---|---|---|---|---|---|---|
r-devel-linux-x86_64-debian-clang | 0.4.0 | 5.66 | 42.96 | 48.62 | OK | |
r-devel-linux-x86_64-debian-gcc | 0.4.0 | 3.68 | 30.99 | 34.67 | OK | |
r-devel-linux-x86_64-fedora-clang | 0.4.0 | 77.06 | OK | |||
r-devel-linux-x86_64-fedora-gcc | 0.4.0 | 70.34 | OK | |||
r-devel-macos-arm64 | 0.4.0 | 26.00 | OK | |||
r-devel-macos-x86_64 | 0.4.0 | 45.00 | OK | |||
r-devel-windows-x86_64 | 0.4.0 | 7.00 | 66.00 | 73.00 | OK | |
r-patched-linux-x86_64 | 0.4.0 | 5.52 | 39.42 | 44.94 | NOTE | |
r-release-linux-x86_64 | 0.4.0 | 4.19 | 39.51 | 43.70 | NOTE | |
r-release-macos-arm64 | 0.4.0 | 27.00 | NOTE | |||
r-release-macos-x86_64 | 0.4.0 | 39.00 | NOTE | |||
r-release-windows-x86_64 | 0.4.0 | 9.00 | 61.00 | 70.00 | NOTE | |
r-oldrel-macos-arm64 | 0.4.0 | 26.00 | NOTE | |||
r-oldrel-macos-x86_64 | 0.4.0 | 38.00 | NOTE | |||
r-oldrel-windows-x86_64 | 0.4.0 | 7.00 | 64.00 | 71.00 | NOTE |
Version: 0.4.0
Check: LazyData
Result: NOTE
'LazyData' is specified without a 'data' directory
Flavors: r-patched-linux-x86_64, r-release-linux-x86_64, r-release-macos-arm64, r-release-macos-x86_64, r-release-windows-x86_64, r-oldrel-macos-arm64, r-oldrel-macos-x86_64, r-oldrel-windows-x86_64