Last updated on 2025-02-21 09:50:45 CET.
Flavor | Version | Tinstall | Tcheck | Ttotal | Status | Flags |
---|---|---|---|---|---|---|
r-devel-linux-x86_64-debian-clang | 0.1-1 | 6.28 | 36.04 | 42.32 | NOTE | |
r-devel-linux-x86_64-debian-gcc | 0.1-1 | 4.41 | 27.31 | 31.72 | NOTE | |
r-devel-linux-x86_64-fedora-clang | 0.1-1 | 68.68 | OK | |||
r-devel-linux-x86_64-fedora-gcc | 0.1-1 | 77.45 | OK | |||
r-devel-macos-arm64 | 0.1-1 | 33.00 | OK | |||
r-devel-macos-x86_64 | 0.1-1 | 61.00 | OK | |||
r-devel-windows-x86_64 | 0.1-1 | 7.00 | 56.00 | 63.00 | NOTE | |
r-patched-linux-x86_64 | 0.1-1 | 12.27 | 34.45 | 46.72 | OK | |
r-release-linux-x86_64 | 0.1-1 | 6.03 | 33.82 | 39.85 | OK | |
r-release-macos-arm64 | 0.1-1 | 30.00 | OK | |||
r-release-macos-x86_64 | 0.1-1 | 44.00 | OK | |||
r-release-windows-x86_64 | 0.1-1 | 8.00 | 54.00 | 62.00 | OK | |
r-oldrel-macos-arm64 | 0.1-1 | 40.00 | OK | |||
r-oldrel-macos-x86_64 | 0.1-1 | 62.00 | OK | |||
r-oldrel-windows-x86_64 | 0.1-1 | 9.00 | 85.00 | 94.00 | OK |
Version: 0.1-1
Check: Rd cross-references
Result: NOTE
Found the following Rd file(s) with Rd \link{} targets missing package
anchors:
GeoNodeManager.Rd: R6Class
GeoNodeUtils.Rd: R6Class
GeoNodeVersion.Rd: R6Class
Please provide package anchors for all Rd \link{} targets not in the
package itself and the base packages.
Flavors: r-devel-linux-x86_64-debian-clang, r-devel-linux-x86_64-debian-gcc, r-devel-windows-x86_64